{"id":11264,"date":"2020-04-24T13:30:22","date_gmt":"2020-04-24T12:30:22","guid":{"rendered":"http:\/\/www.arbaletriers.be\/wordpress\/?page_id=11264"},"modified":"2024-02-21T13:42:09","modified_gmt":"2024-02-21T12:42:09","slug":"compagnie-chant-hymne-a-la-cornette","status":"publish","type":"page","link":"https:\/\/www.arbaletriers.be\/wordpress\/compagnie-chant-hymne-a-la-cornette\/","title":{"rendered":"Chant &#8211; Hymne \u00e0 la Cornette"},"content":{"rendered":"<div id=\"themify_builder_content-11264\" data-postid=\"11264\" class=\"themify_builder_content themify_builder_content-11264 themify_builder themify_builder_front\">\n\t\t\t\t\n\t\t\t<!-- module_row -->\n\t\t\t<div class=\"themify_builder_row module_row module_row_0 clearfix\" >\n\n\t\t\t\t<div class=\"row_inner\">\n\n\t\t\t\t\t\n\t\t\t\t\t\n\t\t\t\t\t\n\t\t\t\t\t\n\t\t\t\t\t\t\t\t<div class=\"col-full first tb-column\">\n\t\t\t\t\t\t\t\t\t\t\t\t\t\t\t\t\t\t\t\n\t\t\t\t\t\t\t\t\t\t\n<!-- module box -->\n<div id=\"box-11264-0-0-0\" class=\"module module-box box-11264-0-0-0 \">\n\t\t\n\t\t\n\t<div class=\"module-box-content ui rounded gradient default  \">\n\t\t<h2 style=\"text-align: center;\"><em><span style=\"text-decoration: underline;\">Hymne \u00e0 la Cornette<\/span><\/em><\/h2>\t<\/div>\n\n\t<\/div>\n<!-- \/module box -->\n<!-- .themify_builder .box-11264-0-0-0 Style -->\n<style>\n.themify_builder .box-11264-0-0-0.module-box {\n\ttext-align: justify\n}\n<\/style>\n<!-- End .themify_builder .box-11264-0-0-0 Style -->\n\n\t\t\t\t\t\t\t\t\t\n\t\t\t\t\t\t\t\t\t\t\t\t\t\t\t\t\t<\/div>\n\t\t\t\t\t\t\t\t<!-- \/col -->\n\t\t\t\t\t\t  \n\n\t\t\t\t\t\n\t\t\t\t\t\t\t\t\t\t\n\t\t\t\t\t\t\t\t\t\n\t\t\t\t<\/div>\n\t\t\t\t<!-- \/row_inner -->\n\t\t\t<\/div>\n\t\t\t<!-- \/module_row -->\n\t\t\t\n\t\t\t\n\t\t\t<!-- module_row -->\n\t\t\t<div class=\"themify_builder_row module_row module_row_1 clearfix\" >\n\n\t\t\t\t<div class=\"row_inner\">\n\n\t\t\t\t\t\n\t\t\t\t\t\n\t\t\t\t\t\n\t\t\t\t\t\n\t\t\t\t\t\t\t\t<div class=\"col4-2 first tb-column\">\n\t\t\t\t\t\t\t\t\t\t\t\t\t\t\t\t\t\t\t\n\t\t\t\t\t\t\t\t\t\t\n<!-- module box -->\n<div id=\"box-11264-1-0-0\" class=\"module module-box box-11264-1-0-0 \">\n\t\t\n\t\t\n\t<div class=\"module-box-content ui rounded gradient default  \">\n\t\t<p style=\"text-align: center;\">En te voyant, belle et sainte relique<br \/>Je sens mon c\u0153ur tressaillir d&rsquo;\u00e9motion,<br \/>Embl\u00e8me aim\u00e9 de notre gloire antique<br \/>Tu es l&rsquo;image de nos traditions<br \/>Oriflamme sacr\u00e9<br \/>Oh! tr\u00e8s pr\u00e9cieuse idole<br \/>Par nous sois respect\u00e9<br \/>Cher et glorieux symbole.<\/p><p style=\"text-align: center;\">Toi qui re\u00e7ois en nos jours d&rsquo;all\u00e9gresse<br \/>Serments d&rsquo;amour et de fid\u00e9lit\u00e9<br \/>Console nos c\u0153urs aux jours de tristesse<br \/>Reste \u00e0 jamais notre symbole aim\u00e9.<br \/>Guide toujours nos pas<br \/>Vers la gloire si belle.<br \/>Notre c\u0153ur jamais las<br \/>Te rendra immortelle<\/p><p style=\"text-align: center;\"><em><span style=\"text-decoration: underline;\">Refrain.<\/span><\/em><br \/>Toujours sois v\u00e9n\u00e9r\u00e9<br \/>Jurons lui communier<br \/>Fid\u00e9lit\u00e9! Fid\u00e9lit\u00e9!<\/p>\t<\/div>\n\n\t<\/div>\n<!-- \/module box -->\n<!-- .themify_builder .box-11264-1-0-0 Style -->\n<style>\n.themify_builder .box-11264-1-0-0.module-box {\n\ttext-align: justify\n}\n<\/style>\n<!-- End .themify_builder .box-11264-1-0-0 Style -->\n\n\t\t\t\t\t\t\t\t\t\n\t\t\t\t\t\t\t\t\t\t\t\t\t\t\t\t\t<\/div>\n\t\t\t\t\t\t\t\t<!-- \/col -->\n\t\t\t\t\t\t\n\t\t\t\t\t\t\t\t<div class=\"col4-2 last tb-column\">\n\t\t\t\t\t\t\t\t\t\t\t\t\t\t\t\t\t\t\t\n\t\t\t\t\t\t\t\t\t\t\n<!-- module box -->\n<div id=\"box-11264-1-1-0\" class=\"module module-box box-11264-1-1-0 \">\n\t\t\n\t\t\n\t<div class=\"module-box-content ui rounded gradient default  \">\n\t\t<p><img loading=\"lazy\" decoding=\"async\" class=\"alignnone wp-image-2852\" src=\"\/wordpress\/wp-content\/uploads\/2015\/02\/tableau.jpg\" alt=\"\" width=\"450\" height=\"461\" \/><\/p>\n\t<\/div>\n\n\t<\/div>\n<!-- \/module box -->\n<!-- .themify_builder .box-11264-1-1-0 Style -->\n<style>\n.themify_builder .box-11264-1-1-0.module-box {\n\ttext-align: justify\n}\n<\/style>\n<!-- End .themify_builder .box-11264-1-1-0 Style -->\n\n\t\t\t\t\t\t\t\t\t\n\t\t\t\t\t\t\t\t\t\t\t\t\t\t\t\t\t<\/div>\n\t\t\t\t\t\t\t\t<!-- \/col -->\n\t\t\t\t\t\t  \n\n\t\t\t\t\t\n\t\t\t\t\t\t\t\t\t\t\n\t\t\t\t\t\t\t\t\t\n\t\t\t\t<\/div>\n\t\t\t\t<!-- \/row_inner -->\n\t\t\t<\/div>\n\t\t\t<!-- \/module_row -->\n\t\t\t\n<\/div>\n<!-- \/themify_builder_content -->","protected":false},"excerpt":{"rendered":"<p>Hymne \u00e0 la Cornette En te voyant, belle et sainte reliqueJe sens mon c\u0153ur tressaillir d&rsquo;\u00e9motion,Embl\u00e8me aim\u00e9 de notre gloire antiqueTu es l&rsquo;image de nos traditionsOriflamme sacr\u00e9Oh! tr\u00e8s pr\u00e9cieuse idolePar nous sois respect\u00e9Cher et glorieux symbole.Toi qui re\u00e7ois en nos jours d&rsquo;all\u00e9gresseSerments d&rsquo;amour et de fid\u00e9lit\u00e9Console nos c\u0153urs aux jours de tristesseReste \u00e0 jamais notre [&hellip;]<\/p>\n","protected":false},"author":1,"featured_media":0,"parent":0,"menu_order":0,"comment_status":"closed","ping_status":"closed","template":"","meta":{"footnotes":""},"class_list":["post-11264","page","type-page","status-publish","hentry"],"_links":{"self":[{"href":"https:\/\/www.arbaletriers.be\/wordpress\/wp-json\/wp\/v2\/pages\/11264"}],"collection":[{"href":"https:\/\/www.arbaletriers.be\/wordpress\/wp-json\/wp\/v2\/pages"}],"about":[{"href":"https:\/\/www.arbaletriers.be\/wordpress\/wp-json\/wp\/v2\/types\/page"}],"author":[{"embeddable":true,"href":"https:\/\/www.arbaletriers.be\/wordpress\/wp-json\/wp\/v2\/users\/1"}],"replies":[{"embeddable":true,"href":"https:\/\/www.arbaletriers.be\/wordpress\/wp-json\/wp\/v2\/comments?post=11264"}],"version-history":[{"count":1,"href":"https:\/\/www.arbaletriers.be\/wordpress\/wp-json\/wp\/v2\/pages\/11264\/revisions"}],"predecessor-version":[{"id":11265,"href":"https:\/\/www.arbaletriers.be\/wordpress\/wp-json\/wp\/v2\/pages\/11264\/revisions\/11265"}],"wp:attachment":[{"href":"https:\/\/www.arbaletriers.be\/wordpress\/wp-json\/wp\/v2\/media?parent=11264"}],"curies":[{"name":"wp","href":"https:\/\/api.w.org\/{rel}","templated":true}]}}