{"id":12016,"date":"2024-06-14T09:57:52","date_gmt":"2024-06-14T08:57:52","guid":{"rendered":"https:\/\/www.arbaletriers.be\/wordpress\/?page_id=12016"},"modified":"2024-06-14T10:06:26","modified_gmt":"2024-06-14T09:06:26","slug":"compagnie-chant-fiers-arbaletriers","status":"publish","type":"page","link":"https:\/\/www.arbaletriers.be\/wordpress\/compagnie-chant-fiers-arbaletriers\/","title":{"rendered":"Chant &#8211; Fiers Arbal\u00e9triers"},"content":{"rendered":"<div id=\"themify_builder_content-12016\" data-postid=\"12016\" class=\"themify_builder_content themify_builder_content-12016 themify_builder themify_builder_front\">\n\t\t\t\t\n\t\t\t<!-- module_row -->\n\t\t\t<div class=\"themify_builder_row module_row module_row_0 clearfix\" >\n\n\t\t\t\t<div class=\"row_inner\">\n\n\t\t\t\t\t\n\t\t\t\t\t\n\t\t\t\t\t\n\t\t\t\t\t\n\t\t\t\t\t\t\t\t<div class=\"col-full first tb-column\">\n\t\t\t\t\t\t\t\t\t\t\t\t\t\t\t\t\t\t\t\n\t\t\t\t\t\t\t\t\t\t\n<!-- module box -->\n<div id=\"box-12016-0-0-0\" class=\"module module-box box-12016-0-0-0 \">\n\t\t\n\t\t\n\t<div class=\"module-box-content ui rounded gradient default  \">\n\t\t<h2 style=\"text-align: center;\"><em><span style=\"text-decoration: underline;\">Fiers Arbal\u00e9triers<\/span><\/em><\/h2>\n\t<\/div>\n\n\t<\/div>\n<!-- \/module box -->\n<!-- .themify_builder .box-12016-0-0-0 Style -->\n<style>\n.themify_builder .box-12016-0-0-0.module-box {\n\ttext-align: justify\n}\n<\/style>\n<!-- End .themify_builder .box-12016-0-0-0 Style -->\n\n\t\t\t\t\t\t\t\t\t\n\t\t\t\t\t\t\t\t\t\t\t\t\t\t\t\t\t<\/div>\n\t\t\t\t\t\t\t\t<!-- \/col -->\n\t\t\t\t\t\t  \n\n\t\t\t\t\t\n\t\t\t\t\t\t\t\t\t\t\n\t\t\t\t\t\t\t\t\t\n\t\t\t\t<\/div>\n\t\t\t\t<!-- \/row_inner -->\n\t\t\t<\/div>\n\t\t\t<!-- \/module_row -->\n\t\t\t\n\t\t\t\n\t\t\t<!-- module_row -->\n\t\t\t<div class=\"themify_builder_row module_row module_row_1 clearfix\" >\n\n\t\t\t\t<div class=\"row_inner\">\n\n\t\t\t\t\t\n\t\t\t\t\t\n\t\t\t\t\t\n\t\t\t\t\t\n\t\t\t\t\t\t\t\t<div class=\"col4-2 first tb-column\">\n\t\t\t\t\t\t\t\t\t\t\t\t\t\t\t\t\t\t\t\n\t\t\t\t\t\t\t\t\t\t\n<!-- module box -->\n<div id=\"box-12016-1-0-0\" class=\"module module-box box-12016-1-0-0 \">\n\t\t\n\t\t\n\t<div class=\"module-box-content ui rounded gradient default  \">\n\t\t<p style=\"text-align: center;\"><strong>I<\/strong><\/p>\n<p style=\"text-align: center;\">D\u2019\u00e9motion, de joie de sainte ivresse<br \/>\nNous sentons tous tressaillir notre c\u0153ur<br \/>\nPlus de soucis, ni chagrin, ni tristesse<br \/>\nC\u2019est aujourd\u2019hui que r\u00e8gne le bonheur.<br \/>\nC\u2019est jour de f\u00eate et c\u2019est grand jour de gloire,<br \/>\nC\u2019est jour sacr\u00e9, enfants de Communiers<br \/>\nNous c\u00e9l\u00e9brons aujourd\u2019hui les victoires,<br \/>\nLuttes et succ\u00e8s des Arbal\u00e9triers.<\/p>\n\t<\/div>\n\n\t<\/div>\n<!-- \/module box -->\n<!-- .themify_builder .box-12016-1-0-0 Style -->\n<style>\n.themify_builder .box-12016-1-0-0.module-box {\n\ttext-align: justify\n}\n<\/style>\n<!-- End .themify_builder .box-12016-1-0-0 Style -->\n\n\t\t\t\t\t\t\t\t\t\n\t\t\t\t\t\t\t\t\t\t\t\t\t\t\t\t\t<\/div>\n\t\t\t\t\t\t\t\t<!-- \/col -->\n\t\t\t\t\t\t\n\t\t\t\t\t\t\t\t<div class=\"col4-2 last tb-column\">\n\t\t\t\t\t\t\t\t\t\t\t\t\t\t\t\t\t\t\t\n\t\t\t\t\t\t\t\t\t\t\n<!-- module box -->\n<div id=\"box-12016-1-1-0\" class=\"module module-box box-12016-1-1-0 \">\n\t\t\n\t\t\n\t<div class=\"module-box-content ui rounded gradient default  \">\n\t\t<p style=\"text-align: center;\"><strong>II<\/strong><\/p>\n<p style=\"text-align: center;\">C\u00e9l\u00e8bre Gilde, illustre Compagnie,<br \/>\nQui nous dira pourquoi nous t\u2019aimons tant.<br \/>\nC\u2019est du berceau au d\u00e9clin de la vie<br \/>\nQu\u2019on est heureux d\u2019\u00eatre de tes enfants.<br \/>\nTu nous \u00e9meus, nous charmes et tu nous grises<br \/>\nEt quand passent les embl\u00e8mes d\u00e9ploy\u00e9s,<br \/>\nDes plis soyeux agit\u00e9s par la brise,<br \/>\nSaint Georges sourit aux Arbal\u00e9triers.<\/p>\n\t<\/div>\n\n\t<\/div>\n<!-- \/module box -->\n<!-- .themify_builder .box-12016-1-1-0 Style -->\n<style>\n.themify_builder .box-12016-1-1-0.module-box {\n\ttext-align: justify\n}\n<\/style>\n<!-- End .themify_builder .box-12016-1-1-0 Style -->\n\n\t\t\t\t\t\t\t\t\t\n\t\t\t\t\t\t\t\t\t\t\t\t\t\t\t\t\t<\/div>\n\t\t\t\t\t\t\t\t<!-- \/col -->\n\t\t\t\t\t\t  \n\n\t\t\t\t\t\n\t\t\t\t\t\t\t\t\t\t\n\t\t\t\t\t\t\t\t\t\n\t\t\t\t<\/div>\n\t\t\t\t<!-- \/row_inner -->\n\t\t\t<\/div>\n\t\t\t<!-- \/module_row -->\n\t\t\t\n\t\t\t\n\t\t\t<!-- module_row -->\n\t\t\t<div class=\"themify_builder_row module_row module_row_2 clearfix\" >\n\n\t\t\t\t<div class=\"row_inner\">\n\n\t\t\t\t\t\n\t\t\t\t\t\n\t\t\t\t\t\n\t\t\t\t\t\n\t\t\t\t\t\t\t\t<div class=\"col4-2 first tb-column\">\n\t\t\t\t\t\t\t\t\t\t\t\t\t\t\t\t\t\t\t\n\t\t\t\t\t\t\t\t\t\t\n<!-- module box -->\n<div id=\"box-12016-2-0-0\" class=\"module module-box box-12016-2-0-0 \">\n\t\t\n\t\t\n\t<div class=\"module-box-content ui rounded gradient default  \">\n\t\t<p style=\"text-align: center;\"><strong>III<\/strong><\/p>\n<p style=\"text-align: center;\">Sang vis\u00e9tois qui coule dans nos veines<br \/>\nTout impr\u00e9gn\u00e9s d\u2019antiques traditions,<br \/>\nC\u2019est gr\u00e2ce \u00e0 toi que nos \u00e2mes sont pleines<br \/>\nPour Saint Georges de saintes d\u00e9votions.<br \/>\nC\u2019est gr\u00e2ce \u00e0 toi que jamais dans l\u2019histoire<br \/>\nDe la cit\u00e9 cessera de briller<br \/>\nL\u2019antique Gilde, amoureuse de la gloire,<br \/>\nLa Compagnie des Arbal\u00e9triers.<\/p>\n\t<\/div>\n\n\t<\/div>\n<!-- \/module box -->\n<!-- .themify_builder .box-12016-2-0-0 Style -->\n<style>\n.themify_builder .box-12016-2-0-0.module-box {\n\ttext-align: justify\n}\n<\/style>\n<!-- End .themify_builder .box-12016-2-0-0 Style -->\n\n\t\t\t\t\t\t\t\t\t\n\t\t\t\t\t\t\t\t\t\t\t\t\t\t\t\t\t<\/div>\n\t\t\t\t\t\t\t\t<!-- \/col -->\n\t\t\t\t\t\t\n\t\t\t\t\t\t\t\t<div class=\"col4-2 last tb-column\">\n\t\t\t\t\t\t\t\t\t\t\t\t\t\t\t\t\t\t\t\n\t\t\t\t\t\t\t\t\t\t\n<!-- module box -->\n<div id=\"box-12016-2-1-0\" class=\"module module-box box-12016-2-1-0 \">\n\t\t\n\t\t\n\t<div class=\"module-box-content ui rounded gradient default  \">\n\t\t<p style=\"text-align: center;\"><strong>Refrain<\/strong><\/p><p style=\"text-align: center;\">Fiers Arbal\u00e9triers,<br \/>Tous nos joyaux sacr\u00e9s<br \/>D\u00e9p\u00f4ts de notre histoire<br \/>De Vis\u00e9 font la gloire<br \/>Soyons toujours dignes de nos a\u00efeux<br \/>Haut les c\u0153urs\u00a0! Haut nos c\u0153urs si g\u00e9n\u00e9reux.<\/p><p>\u00a0<\/p>\t<\/div>\n\n\t<\/div>\n<!-- \/module box -->\n<!-- .themify_builder .box-12016-2-1-0 Style -->\n<style>\n.themify_builder .box-12016-2-1-0.module-box {\n\ttext-align: justify\n}\n<\/style>\n<!-- End .themify_builder .box-12016-2-1-0 Style -->\n\n\t\t\t\t\t\t\t\t\t\n\t\t\t\t\t\t\t\t\t\t\t\t\t\t\t\t\t<\/div>\n\t\t\t\t\t\t\t\t<!-- \/col -->\n\t\t\t\t\t\t  \n\n\t\t\t\t\t\n\t\t\t\t\t\t\t\t\t\t\n\t\t\t\t\t\t\t\t\t\n\t\t\t\t<\/div>\n\t\t\t\t<!-- \/row_inner -->\n\t\t\t<\/div>\n\t\t\t<!-- \/module_row -->\n\t\t\t\n\t\t\t\n\t\t\t<!-- module_row -->\n\t\t\t<div class=\"themify_builder_row module_row module_row_3 clearfix\" >\n\n\t\t\t\t<div class=\"row_inner\">\n\n\t\t\t\t\t\n\t\t\t\t\t\n\t\t\t\t\t\n\t\t\t\t\t\n\t\t\t\t\t\t\t\t<div class=\"col4-1 first tb-column\">\n\t\t\t\t\t\t\t\t\t\t\t\t\t\t\t\t\t\t\t\n\t\t\t\t\t\t\t\t\t\t&nbsp;\t\t\t\t\t\t\t\t\t\n\t\t\t\t\t\t\t\t\t\t\t\t\t\t\t\t\t<\/div>\n\t\t\t\t\t\t\t\t<!-- \/col -->\n\t\t\t\t\t\t\n\t\t\t\t\t\t\t\t<div class=\"col4-2 middle tb-column\">\n\t\t\t\t\t\t\t\t\t\t\t\t\t\t\t\t\t\t\t\n\t\t\t\t\t\t\t\t\t\t\n<!-- module box -->\n<div id=\"box-12016-3-1-0\" class=\"module module-box box-12016-3-1-0 \">\n\t\t\n\t\t\n\t<div class=\"module-box-content ui rounded gradient default  \">\n\t\t<p><img loading=\"lazy\" decoding=\"async\" class=\"alignnone wp-image-11258\" src=\"\/wordpress\/wp-content\/uploads\/2014\/10\/bataille1.jpg\" alt=\"\" width=\"438\" height=\"292\" \/><\/p>\n<p style=\"text-align: center;\">\n\t<\/div>\n\n\t<\/div>\n<!-- \/module box -->\n<!-- .themify_builder .box-12016-3-1-0 Style -->\n<style>\n.themify_builder .box-12016-3-1-0.module-box {\n\ttext-align: justify\n}\n<\/style>\n<!-- End .themify_builder .box-12016-3-1-0 Style -->\n\n\t\t\t\t\t\t\t\t\t\n\t\t\t\t\t\t\t\t\t\t\t\t\t\t\t\t\t<\/div>\n\t\t\t\t\t\t\t\t<!-- \/col -->\n\t\t\t\t\t\t\n\t\t\t\t\t\t\t\t<div class=\"col4-1 last tb-column\">\n\t\t\t\t\t\t\t\t\t\t\t\t\t\t\t\t\t\t\t\n\t\t\t\t\t\t\t\t\t\t&nbsp;\t\t\t\t\t\t\t\t\t\n\t\t\t\t\t\t\t\t\t\t\t\t\t\t\t\t\t<\/div>\n\t\t\t\t\t\t\t\t<!-- \/col -->\n\t\t\t\t\t\t  \n\n\t\t\t\t\t\n\t\t\t\t\t\t\t\t\t\t\n\t\t\t\t\t\t\t\t\t\n\t\t\t\t<\/div>\n\t\t\t\t<!-- \/row_inner -->\n\t\t\t<\/div>\n\t\t\t<!-- \/module_row -->\n\t\t\t\n<\/div>\n<!-- \/themify_builder_content -->","protected":false},"excerpt":{"rendered":"<p>Fiers Arbal\u00e9triers I D\u2019\u00e9motion, de joie de sainte ivresse Nous sentons tous tressaillir notre c\u0153ur Plus de soucis, ni chagrin, ni tristesse C\u2019est aujourd\u2019hui que r\u00e8gne le bonheur. C\u2019est jour de f\u00eate et c\u2019est grand jour de gloire, C\u2019est jour sacr\u00e9, enfants de Communiers Nous c\u00e9l\u00e9brons aujourd\u2019hui les victoires, Luttes et succ\u00e8s des Arbal\u00e9triers. II [&hellip;]<\/p>\n","protected":false},"author":1,"featured_media":0,"parent":0,"menu_order":0,"comment_status":"closed","ping_status":"closed","template":"","meta":{"footnotes":""},"class_list":["post-12016","page","type-page","status-publish","hentry"],"_links":{"self":[{"href":"https:\/\/www.arbaletriers.be\/wordpress\/wp-json\/wp\/v2\/pages\/12016"}],"collection":[{"href":"https:\/\/www.arbaletriers.be\/wordpress\/wp-json\/wp\/v2\/pages"}],"about":[{"href":"https:\/\/www.arbaletriers.be\/wordpress\/wp-json\/wp\/v2\/types\/page"}],"author":[{"embeddable":true,"href":"https:\/\/www.arbaletriers.be\/wordpress\/wp-json\/wp\/v2\/users\/1"}],"replies":[{"embeddable":true,"href":"https:\/\/www.arbaletriers.be\/wordpress\/wp-json\/wp\/v2\/comments?post=12016"}],"version-history":[{"count":1,"href":"https:\/\/www.arbaletriers.be\/wordpress\/wp-json\/wp\/v2\/pages\/12016\/revisions"}],"predecessor-version":[{"id":12017,"href":"https:\/\/www.arbaletriers.be\/wordpress\/wp-json\/wp\/v2\/pages\/12016\/revisions\/12017"}],"wp:attachment":[{"href":"https:\/\/www.arbaletriers.be\/wordpress\/wp-json\/wp\/v2\/media?parent=12016"}],"curies":[{"name":"wp","href":"https:\/\/api.w.org\/{rel}","templated":true}]}}

Chant &#8211; Fiers Arbalétriers

<div id="themify_builder_content-12016" data-postid="12016" class="themify_builder_content themify_builder_content-12016 themify_builder themify_builder_front">
				
			<!-- module_row -->
			<div class="themify_builder_row module_row module_row_0 clearfix" >

				<div class="row_inner">

					
					
					
					
								<div class="col-full first tb-column">
																			
										
<!-- module box -->
<div id="box-12016-0-0-0" class="module module-box box-12016-0-0-0 ">
		
		
	<div class="module-box-content ui rounded gradient default  ">
		<h2 style="text-align: center;"><em><span style="text-decoration: underline;">Fiers Arbalétriers</span></em></h2>
	</div>

	</div>
<!-- /module box -->
<!-- .themify_builder .box-12016-0-0-0 Style -->
<style>
.themify_builder .box-12016-0-0-0.module-box {
	text-align: justify
}
</style>
<!-- End .themify_builder .box-12016-0-0-0 Style -->

									
																	</div>
								<!-- /col -->
						  

					
										
									
				</div>
				<!-- /row_inner -->
			</div>
			<!-- /module_row -->
			
			
			<!-- module_row -->
			<div class="themify_builder_row module_row module_row_1 clearfix" >

				<div class="row_inner">

					
					
					
					
								<div class="col4-2 first tb-column">
																			
										
<!-- module box -->
<div id="box-12016-1-0-0" class="module module-box box-12016-1-0-0 ">
		
		
	<div class="module-box-content ui rounded gradient default  ">
		<p style="text-align: center;"><strong>I</strong></p>
<p style="text-align: center;">D’émotion, de joie de sainte ivresse<br />
Nous sentons tous tressaillir notre cœur<br />
Plus de soucis, ni chagrin, ni tristesse<br />
C’est aujourd’hui que règne le bonheur.<br />
C’est jour de fête et c’est grand jour de gloire,<br />
C’est jour sacré, enfants de Communiers<br />
Nous célébrons aujourd’hui les victoires,<br />
Luttes et succès des Arbalétriers.</p>
	</div>

	</div>
<!-- /module box -->
<!-- .themify_builder .box-12016-1-0-0 Style -->
<style>
.themify_builder .box-12016-1-0-0.module-box {
	text-align: justify
}
</style>
<!-- End .themify_builder .box-12016-1-0-0 Style -->

									
																	</div>
								<!-- /col -->
						
								<div class="col4-2 last tb-column">
																			
										
<!-- module box -->
<div id="box-12016-1-1-0" class="module module-box box-12016-1-1-0 ">
		
		
	<div class="module-box-content ui rounded gradient default  ">
		<p style="text-align: center;"><strong>II</strong></p>
<p style="text-align: center;">Célèbre Gilde, illustre Compagnie,<br />
Qui nous dira pourquoi nous t’aimons tant.<br />
C’est du berceau au déclin de la vie<br />
Qu’on est heureux d’être de tes enfants.<br />
Tu nous émeus, nous charmes et tu nous grises<br />
Et quand passent les emblèmes déployés,<br />
Des plis soyeux agités par la brise,<br />
Saint Georges sourit aux Arbalétriers.</p>
	</div>

	</div>
<!-- /module box -->
<!-- .themify_builder .box-12016-1-1-0 Style -->
<style>
.themify_builder .box-12016-1-1-0.module-box {
	text-align: justify
}
</style>
<!-- End .themify_builder .box-12016-1-1-0 Style -->

									
																	</div>
								<!-- /col -->
						  

					
										
									
				</div>
				<!-- /row_inner -->
			</div>
			<!-- /module_row -->
			
			
			<!-- module_row -->
			<div class="themify_builder_row module_row module_row_2 clearfix" >

				<div class="row_inner">

					
					
					
					
								<div class="col4-2 first tb-column">
																			
										
<!-- module box -->
<div id="box-12016-2-0-0" class="module module-box box-12016-2-0-0 ">
		
		
	<div class="module-box-content ui rounded gradient default  ">
		<p style="text-align: center;"><strong>III</strong></p>
<p style="text-align: center;">Sang visétois qui coule dans nos veines<br />
Tout imprégnés d’antiques traditions,<br />
C’est grâce à toi que nos âmes sont pleines<br />
Pour Saint Georges de saintes dévotions.<br />
C’est grâce à toi que jamais dans l’histoire<br />
De la cité cessera de briller<br />
L’antique Gilde, amoureuse de la gloire,<br />
La Compagnie des Arbalétriers.</p>
	</div>

	</div>
<!-- /module box -->
<!-- .themify_builder .box-12016-2-0-0 Style -->
<style>
.themify_builder .box-12016-2-0-0.module-box {
	text-align: justify
}
</style>
<!-- End .themify_builder .box-12016-2-0-0 Style -->

									
																	</div>
								<!-- /col -->
						
								<div class="col4-2 last tb-column">
																			
										
<!-- module box -->
<div id="box-12016-2-1-0" class="module module-box box-12016-2-1-0 ">
		
		
	<div class="module-box-content ui rounded gradient default  ">
		<p style="text-align: center;"><strong>Refrain</strong></p><p style="text-align: center;">Fiers Arbalétriers,<br />Tous nos joyaux sacrés<br />Dépôts de notre histoire<br />De Visé font la gloire<br />Soyons toujours dignes de nos aïeux<br />Haut les cœurs ! Haut nos cœurs si généreux.</p><p> </p>	</div>

	</div>
<!-- /module box -->
<!-- .themify_builder .box-12016-2-1-0 Style -->
<style>
.themify_builder .box-12016-2-1-0.module-box {
	text-align: justify
}
</style>
<!-- End .themify_builder .box-12016-2-1-0 Style -->

									
																	</div>
								<!-- /col -->
						  

					
										
									
				</div>
				<!-- /row_inner -->
			</div>
			<!-- /module_row -->
			
			
			<!-- module_row -->
			<div class="themify_builder_row module_row module_row_3 clearfix" >

				<div class="row_inner">

					
					
					
					
								<div class="col4-1 first tb-column">
																			
										&nbsp;									
																	</div>
								<!-- /col -->
						
								<div class="col4-2 middle tb-column">
																			
										
<!-- module box -->
<div id="box-12016-3-1-0" class="module module-box box-12016-3-1-0 ">
		
		
	<div class="module-box-content ui rounded gradient default  ">
		<p><img loading="lazy" decoding="async" class="alignnone wp-image-11258" src="/wordpress/wp-content/uploads/2014/10/bataille1.jpg" alt="" width="438" height="292" /></p>
<p style="text-align: center;">
	</div>

	</div>
<!-- /module box -->
<!-- .themify_builder .box-12016-3-1-0 Style -->
<style>
.themify_builder .box-12016-3-1-0.module-box {
	text-align: justify
}
</style>
<!-- End .themify_builder .box-12016-3-1-0 Style -->

									
																	</div>
								<!-- /col -->
						
								<div class="col4-1 last tb-column">
																			
										&nbsp;									
																	</div>
								<!-- /col -->
						  

					
										
									
				</div>
				<!-- /row_inner -->
			</div>
			<!-- /module_row -->
			
</div>
<!-- /themify_builder_content -->

<p>Fiers Arbalétriers I D’émotion, de joie de sainte ivresse Nous sentons tous tressaillir notre cœur Plus de soucis, ni chagrin, ni tristesse C’est aujourd’hui que règne le bonheur. C’est jour de fête et c’est grand jour de gloire, C’est jour sacré, enfants de Communiers Nous célébrons aujourd’hui les victoires, Luttes et succès des Arbalétriers. II [&hellip;]</p>
