{"id":2633,"date":"2015-02-14T13:13:21","date_gmt":"2015-02-14T12:13:21","guid":{"rendered":"http:\/\/www.arbaletriers.be\/wordpress\/?page_id=2633"},"modified":"2024-02-19T15:42:06","modified_gmt":"2024-02-19T14:42:06","slug":"histoire-17eme","status":"publish","type":"page","link":"https:\/\/www.arbaletriers.be\/wordpress\/histoire-17eme\/","title":{"rendered":"Histoire du 17\u00e8me si\u00e8cle"},"content":{"rendered":"<div id=\"themify_builder_content-2633\" data-postid=\"2633\" class=\"themify_builder_content themify_builder_content-2633 themify_builder themify_builder_front\">\n\t\t\t\t\n\t\t\t<!-- module_row -->\n\t\t\t<div class=\"themify_builder_row module_row module_row_0 clearfix\" >\n\n\t\t\t\t<div class=\"row_inner\">\n\n\t\t\t\t\t\n\t\t\t\t\t\n\t\t\t\t\t\n\t\t\t\t\t\n\t\t\t\t\t\t\t\t<div class=\"col-full first tb-column\">\n\t\t\t\t\t\t\t\t\t\t\t\t\t\t\t\t\t\t\t\n\t\t\t\t\t\t\t\t\t\t\n<!-- module box -->\n<div id=\"box-2633-0-0-0\" class=\"module module-box box-2633-0-0-0 \">\n\t\t\n\t\t\n\t<div class=\"module-box-content ui rounded gradient default  \">\n\t\t<p><strong><span style=\"text-decoration: underline;\">La dissolution<\/span><\/strong><br \/>\n<img decoding=\"async\" class=\"alignright\" src=\"\/wordpress\/wp-content\/uploads\/2014\/10\/armoir.jpg\" alt=\"Armoiries\" align=\"right\" hspace=\"30\" vspace=\"15\" \/><br \/>\nLe 13 d\u00e9cembre 1599, le Prince-\u00e9v\u00eaque Ernest de Bavi\u00e8re confirme l\u2019institution, les statuts et les privil\u00e8ges de la compagnie des Arbal\u00e9triers.<br \/>\nIl accorde aussi \u00e0 la m\u00eame compagnie la jouissance et le profit de deux neffs (\u00ab barques \u00bb) marchandes, ainsi que le droit de pr\u00e9lever un imp\u00f4t sur chaque ayme de cervoise.<br \/>\nCe texte en rappelle un autre de 1501 (disparu), ce qui recule d\u2019un si\u00e8cle l\u2019existence de la compagnie : sans toutefois pr\u00e9ciser la date, un commentaire reporte l\u2019origine de la gilde bien avant 1501.<br \/>\nLes Arbal\u00e9triers ne poss\u00e8dent aucun acte ant\u00e9rieur \u00e0 Ernest de Bavi\u00e8re, mais plusieurs de ce dernier et un de Ferdinand. Quatre d\u2019entre eux \u00e9tablissent leurs droits et obligations.<br \/>\nDans les premi\u00e8res ann\u00e9es du dix-septi\u00e8me si\u00e8cle, sous Ernest de Bavi\u00e8re, quelques conflits \u00e9clat\u00e8rent \u00e0 propos des pr\u00e9rogatives de la gilde. Les magistrats de Vis\u00e9 devinrent hostiles \u00e0 la compagnie : cela entra\u00eena sa suppression le 3 d\u00e9cembre 1604.<\/p>\n<hr \/>\n<p><em>Armoiries ornant la salle des f\u00eates des Arbal\u00e9triers r\u00e9alis\u00e9es par J. Ronday Jr.<\/em><\/p>\n\t<\/div>\n\n\t<\/div>\n<!-- \/module box -->\n<!-- .themify_builder .box-2633-0-0-0 Style -->\n<style>\n.themify_builder .box-2633-0-0-0.module-box {\n\ttext-align: justify\n}\n<\/style>\n<!-- End .themify_builder .box-2633-0-0-0 Style -->\n\n\t\t\t\t\t\t\t\t\t\n\t\t\t\t\t\t\t\t\t\t\t\t\t\t\t\t\t<\/div>\n\t\t\t\t\t\t\t\t<!-- \/col -->\n\t\t\t\t\t\t  \n\n\t\t\t\t\t\n\t\t\t\t\t\t\t\t\t\t\n\t\t\t\t\t\t\t\t\t\n\t\t\t\t<\/div>\n\t\t\t\t<!-- \/row_inner -->\n\t\t\t<\/div>\n\t\t\t<!-- \/module_row -->\n\t\t\t\n\t\t\t\n\t\t\t<!-- module_row -->\n\t\t\t<div class=\"themify_builder_row module_row module_row_1 clearfix\" >\n\n\t\t\t\t<div class=\"row_inner\">\n\n\t\t\t\t\t\n\t\t\t\t\t\n\t\t\t\t\t\n\t\t\t\t\t\n\t\t\t\t\t\t\t\t<div class=\"col-full first tb-column\">\n\t\t\t\t\t\t\t\t\t\t\t\t\t\t\t\t\t\t\t\n\t\t\t\t\t\t\t\t\t\t\n<!-- module box -->\n<div id=\"box-2633-1-0-0\" class=\"module module-box box-2633-1-0-0 \">\n\t\t\n\t\t\n\t<div class=\"module-box-content ui rounded gradient default  \">\n\t\t<p><img decoding=\"async\" class=\"aligntop aligncenter\" src=\"\/wordpress\/wp-content\/uploads\/2016\/03\/nefmarchande.jpg\" alt=\"Nef Marchande\" \/><\/p>\n<hr \/>\n<p><em>Notices vis\u00e9toises n\u00b085-88 Mars-D\u00e9cembre 2003.<br \/>\nSoci\u00e9t\u00e9 royale arch\u00e9o-Historique de Vis\u00e9 &#038; de sa R\u00e9gion.<\/em><\/p>\n\t<\/div>\n\n\t<\/div>\n<!-- \/module box -->\n<!-- .themify_builder .box-2633-1-0-0 Style -->\n<style>\n.themify_builder .box-2633-1-0-0.module-box {\n\ttext-align: justify\n}\n<\/style>\n<!-- End .themify_builder .box-2633-1-0-0 Style -->\n\n\t\t\t\t\t\t\t\t\t\n\t\t\t\t\t\t\t\t\t\t\t\t\t\t\t\t\t<\/div>\n\t\t\t\t\t\t\t\t<!-- \/col -->\n\t\t\t\t\t\t  \n\n\t\t\t\t\t\n\t\t\t\t\t\t\t\t\t\t\n\t\t\t\t\t\t\t\t\t\n\t\t\t\t<\/div>\n\t\t\t\t<!-- \/row_inner -->\n\t\t\t<\/div>\n\t\t\t<!-- \/module_row -->\n\t\t\t\n\t\t\t\n\t\t\t<!-- module_row -->\n\t\t\t<div class=\"themify_builder_row module_row module_row_2 clearfix\" >\n\n\t\t\t\t<div class=\"row_inner\">\n\n\t\t\t\t\t\n\t\t\t\t\t\n\t\t\t\t\t\n\t\t\t\t\t\n\t\t\t\t\t\t\t\t<div class=\"col-full first tb-column\">\n\t\t\t\t\t\t\t\t\t\t\t\t\t\t\t\t\t\t\t\n\t\t\t\t\t\t\t\t\t\t\n<!-- module box -->\n<div id=\"box-2633-2-0-0\" class=\"module module-box box-2633-2-0-0 \">\n\t\t\n\t\t\n\t<div class=\"module-box-content ui rounded gradient default  \">\n\t\t<p><a href=\"\/photos\/hoteldeville.jpg\" target=\"_blank\" rel=\"noopener\"><img decoding=\"async\" class=\" alignright\" src=\"http:\/\/www.arbaletriers-vise.be\/photos\/pt-hoteldeville.jpg\" alt=\"Hotel de ville avant 1914\" align=\"right\" border=\"0\" hspace=\"30\" vspace=\"15\" \/><\/a>D\u00e8s 1501, un acte limitait le pouvoir de la gilde : il stipulait que le mayeur avait un droit de regard sur ses revenus.<br \/>\nL\u2019acte cessatoire est motiv\u00e9 par les difficult\u00e9s financi\u00e8res de la ville qui devait trouver des fonds pour relever ses murs et pour construire\u00a0son h\u00f4tel de ville.<br \/>\nCelui-ci fut en effet construit en 1611 \u2013 1614\u00a0par Mathieu Dossin, architecte &#038; entrepreneur de renom.<br \/>\nLa d\u00e9cision d\u2019Ernest semble avoir \u00e9t\u00e9 prise dans le seul souci de soulager les magistrats des avantages financiers qu\u2019ils devaient verser \u00e0 la compagnie.<br \/>\nLe fait que Ma\u00eetre Daniel Danneau, alors bourgmestre de Vis\u00e9, \u00e9tait en m\u00eame temps capitaine des Arquebusiers a-t-il jou\u00e9 un r\u00f4le ?<br \/>\nCela est possible mais cette co\u00efncidence ne peut permettre d\u2019affirmer que des motifs politiques aient amen\u00e9 la dissolution des Arbal\u00e9triers.<br \/>\nL\u2019acte cessatoire fut confirm\u00e9 le 17 janvier 1605, et cela, malgr\u00e9 une supplique de la compagnie.<\/p>\n\t<\/div>\n\n\t<\/div>\n<!-- \/module box -->\n<!-- .themify_builder .box-2633-2-0-0 Style -->\n<style>\n.themify_builder .box-2633-2-0-0.module-box {\n\ttext-align: justify\n}\n<\/style>\n<!-- End .themify_builder .box-2633-2-0-0 Style -->\n\n\t\t\t\t\t\t\t\t\t\n\t\t\t\t\t\t\t\t\t\t\t\t\t\t\t\t\t<\/div>\n\t\t\t\t\t\t\t\t<!-- \/col -->\n\t\t\t\t\t\t  \n\n\t\t\t\t\t\n\t\t\t\t\t\t\t\t\t\t\n\t\t\t\t\t\t\t\t\t\n\t\t\t\t<\/div>\n\t\t\t\t<!-- \/row_inner -->\n\t\t\t<\/div>\n\t\t\t<!-- \/module_row -->\n\t\t\t\n\t\t\t\n\t\t\t<!-- module_row -->\n\t\t\t<div class=\"themify_builder_row module_row module_row_3 clearfix\" >\n\n\t\t\t\t<div class=\"row_inner\">\n\n\t\t\t\t\t\n\t\t\t\t\t\n\t\t\t\t\t\n\t\t\t\t\t\n\t\t\t\t\t\t\t\t<div class=\"col-full first tb-column\">\n\t\t\t\t\t\t\t\t\t\t\t\t\t\t\t\t\t\t\t\n\t\t\t\t\t\t\t\t\t\t\n<!-- module box -->\n<div id=\"box-2633-3-0-0\" class=\"module module-box box-2633-3-0-0 \">\n\t\t\n\t\t\n\t<div class=\"module-box-content ui rounded gradient default  \">\n\t\t<p><strong><span style=\"text-decoration: underline;\">Le r\u00e9tablissement<\/span><\/strong><\/p>\n<p><img decoding=\"async\" class=\" alignright\" src=\"\/wordpress\/wp-content\/uploads\/2014\/10\/ernest.gif\" alt=\"Ernest de Bavi\u00e8re\" align=\"right\" border=\"0\" hspace=\"30\" vspace=\"15\" \/><\/p>\n<p>Cette dissolution fut de courte dur\u00e9e : la compagnie obtint son r\u00e9tablissement le 4 juillet 1611 malgr\u00e9 l\u2019opposition violente du magistrat qui consid\u00e9rait qu\u2019une telle d\u00e9cision portait un grave pr\u00e9judice aux int\u00e9r\u00eats de la ville.<br \/>\nErnest de Bavi\u00e8re ne tint pas compte de cette intervention des autorit\u00e9s municipales. N\u00e9anmoins, il convoqua les deux parties et, le 11 ao\u00fbt de la m\u00eame ann\u00e9e, il confirma sa d\u00e9cision premi\u00e8re.<br \/>\nFerdinand de Bavi\u00e8re, son successeur, suivit la m\u00eame politique, et lors d\u2019un passage \u00e0 Vis\u00e9, le 7 mai 1616, approuva les titres et privil\u00e8ges des Arbal\u00e9triers.<\/p>\n<p>Quelles \u00e9taient les ressources de la gilde?<\/p>\n<ul>\n<li>le droit d\u2019entr\u00e9e,<\/li>\n<li>les g\u00e9n\u00e9rosit\u00e9s magistrales,<\/li>\n<li>les dons particuliers,<\/li>\n<li>le profit d&rsquo;un immeuble situ\u00e9 hors de la potice,(porte de Mouland)<\/li>\n<li>deux barques marchandes qui reliaient Vis\u00e9, lune \u00e0 Li\u00e8ge, l&rsquo;autre \u00e0 Maestricht,<\/li>\n<li>un imp\u00f4t de deux boddregers,<\/li>\n<li>une rente de la ville.<\/li>\n<\/ul>\n<p>A cause du mauvais \u00e9tat de ses finances, la ville n\u00e9gligea pendant plusieurs ann\u00e9es de verser les rentes qu\u2019elle devait aux compagnies.<\/p>\n<hr \/>\n<p><em>Ernest de Bavi\u00e8re, Prince \u2013Ev\u00eaque de Li\u00e8ge, 1581-1612<\/em><\/p>\n\t<\/div>\n\n\t<\/div>\n<!-- \/module box -->\n<!-- .themify_builder .box-2633-3-0-0 Style -->\n<style>\n.themify_builder .box-2633-3-0-0.module-box {\n\ttext-align: justify\n}\n<\/style>\n<!-- End .themify_builder .box-2633-3-0-0 Style -->\n\n\t\t\t\t\t\t\t\t\t\n\t\t\t\t\t\t\t\t\t\t\t\t\t\t\t\t\t<\/div>\n\t\t\t\t\t\t\t\t<!-- \/col -->\n\t\t\t\t\t\t  \n\n\t\t\t\t\t\n\t\t\t\t\t\t\t\t\t\t\n\t\t\t\t\t\t\t\t\t\n\t\t\t\t<\/div>\n\t\t\t\t<!-- \/row_inner -->\n\t\t\t<\/div>\n\t\t\t<!-- \/module_row -->\n\t\t\t\n\t\t\t\n\t\t\t<!-- module_row -->\n\t\t\t<div class=\"themify_builder_row module_row module_row_4 clearfix\" >\n\n\t\t\t\t<div class=\"row_inner\">\n\n\t\t\t\t\t\n\t\t\t\t\t\n\t\t\t\t\t\n\t\t\t\t\t\n\t\t\t\t\t\t\t\t<div class=\"col-full first tb-column\">\n\t\t\t\t\t\t\t\t\t\t\t\t\t\t\t\t\t\t\t\n\t\t\t\t\t\t\t\t\t\t\n<!-- module box -->\n<div id=\"box-2633-4-0-0\" class=\"module module-box box-2633-4-0-0 \">\n\t\t\n\t\t\n\t<div class=\"module-box-content ui rounded gradient default  \">\n\t\t<p><strong>En<img decoding=\"async\" class=\" alignleft\" src=\"\/wordpress\/wp-content\/uploads\/2016\/03\/MaximilienHenrydeBaviere.jpg\" alt=\"Armoirie de Fr. Ch. de Velbruck\" align=\"right\" border=\"0\" hspace=\"30\" vspace=\"15\" \/> En 1682,<\/strong><br \/>\npar suite des guerres et des malheurs de l\u2019\u00e9poque, Maximilien-Henri de Bavi\u00e8re supprima la pension accord\u00e9e par la ville aux Arbal\u00e9triers et aux Arquebusiers.<br \/>\nCe prince qui avait des tendances absolutistes, impose deux ans plus tard son fameux REGLEMENT qui supprime la plupart des pr\u00e9rogatives des 32 m\u00e9tiers de Li\u00e8ge.<\/p>\n<p>Avant la construction de l\u2019h\u00f4tel de ville la soci\u00e9t\u00e9 avait son local dans une maison \u00abtendante de la porte postiche \u00e0 marcheit\u00bb maison acquise par la ville en 1570.<br \/>\nElle la louait \u00e0 un particulier et se r\u00e9servait le \u00abchafeur de desseur\u00bb (l\u2019\u00e9tage de dessus); plus tard, la compagnie si\u00e9gera \u00e0 l\u2019h\u00f4tel de ville.<\/p>\n<p>Actuellement, elle se r\u00e9unit dans son local, lequel se compl\u00e8te d\u2019un mus\u00e9e o\u00f9 sont expos\u00e9es de nombreuses pi\u00e8ces rares et de grande valeur.<\/p>\n<hr \/>\n<p><em>Maximilien Henri de Bavi\u00e8re, Prince \u2013Ev\u00eaque de Li\u00e8ge<\/em><\/p>\n\t<\/div>\n\n\t<\/div>\n<!-- \/module box -->\n<!-- .themify_builder .box-2633-4-0-0 Style -->\n<style>\n.themify_builder .box-2633-4-0-0.module-box {\n\ttext-align: justify\n}\n<\/style>\n<!-- End .themify_builder .box-2633-4-0-0 Style -->\n\n\t\t\t\t\t\t\t\t\t\n\t\t\t\t\t\t\t\t\t\t\t\t\t\t\t\t\t<\/div>\n\t\t\t\t\t\t\t\t<!-- \/col -->\n\t\t\t\t\t\t  \n\n\t\t\t\t\t\n\t\t\t\t\t\t\t\t\t\t\n\t\t\t\t\t\t\t\t\t\n\t\t\t\t<\/div>\n\t\t\t\t<!-- \/row_inner -->\n\t\t\t<\/div>\n\t\t\t<!-- \/module_row -->\n\t\t\t\n\t\t\t\n\t\t\t<!-- module_row -->\n\t\t\t<div class=\"themify_builder_row module_row module_row_5 clearfix\" >\n\n\t\t\t\t<div class=\"row_inner\">\n\n\t\t\t\t\t\n\t\t\t\t\t\n\t\t\t\t\t\n\t\t\t\t\t\n\t\t\t\t\t\t\t\t<div class=\"col-full first tb-column\">\n\t\t\t\t\t\t\t\t\t\t\t\t\t\t\t\t\t\t\t\n\t\t\t\t\t\t\t\t\t\t\n<!-- module box -->\n<div id=\"box-2633-5-0-0\" class=\"module module-box box-2633-5-0-0 \">\n\t\t\n\t\t\n\t<div class=\"module-box-content ui rounded gradient default  \">\n\t\t<p><img loading=\"lazy\" decoding=\"async\" class=\"aligncenter\" src=\"\/wordpress\/wp-content\/uploads\/2017\/02\/vise17eme.jpg\" alt=\"\" width=\"558\" height=\"332\" align=\"center\" border=\"0\" hspace=\"30\" vspace=\"15\" \/><\/p>\n\t<\/div>\n\n\t<\/div>\n<!-- \/module box -->\n<!-- .themify_builder .box-2633-5-0-0 Style -->\n<style>\n.themify_builder .box-2633-5-0-0.module-box {\n\ttext-align: justify\n}\n<\/style>\n<!-- End .themify_builder .box-2633-5-0-0 Style -->\n\n\t\t\t\t\t\t\t\t\t\n\t\t\t\t\t\t\t\t\t\t\t\t\t\t\t\t\t<\/div>\n\t\t\t\t\t\t\t\t<!-- \/col -->\n\t\t\t\t\t\t  \n\n\t\t\t\t\t\n\t\t\t\t\t\t\t\t\t\t\n\t\t\t\t\t\t\t\t\t\n\t\t\t\t<\/div>\n\t\t\t\t<!-- \/row_inner -->\n\t\t\t<\/div>\n\t\t\t<!-- \/module_row -->\n\t\t\t\n\t\t\t\n\t\t\t<!-- module_row -->\n\t\t\t<div class=\"themify_builder_row module_row module_row_6 clearfix\" >\n\n\t\t\t\t<div class=\"row_inner\">\n\n\t\t\t\t\t\n\t\t\t\t\t\n\t\t\t\t\t\n\t\t\t\t\t\n\t\t\t\t\t\t\t\t<div class=\"col-full first tb-column\">\n\t\t\t\t\t\t\t\t\t\t\t\t\t\t\t\t\t\t\t\n\t\t\t\t\t\t\t\t\t\t\n<!-- module box -->\n<div id=\"box-2633-6-0-0\" class=\"module module-box box-2633-6-0-0 \">\n\t\t\n\t\t\n\t<div class=\"module-box-content ui rounded gradient default  \">\n\t\t<p><img decoding=\"async\" class=\"aligncenter\" src=\"\/photos\/small-facade.jpg\" alt=\"\" align=\"center\" border=\"0\" hspace=\"30\" vspace=\"15\" \/><\/p>\n\t<\/div>\n\n\t<\/div>\n<!-- \/module box -->\n<!-- .themify_builder .box-2633-6-0-0 Style -->\n<style>\n.themify_builder .box-2633-6-0-0.module-box {\n\ttext-align: justify\n}\n<\/style>\n<!-- End .themify_builder .box-2633-6-0-0 Style -->\n\n\t\t\t\t\t\t\t\t\t\n\t\t\t\t\t\t\t\t\t\t\t\t\t\t\t\t\t<\/div>\n\t\t\t\t\t\t\t\t<!-- \/col -->\n\t\t\t\t\t\t  \n\n\t\t\t\t\t\n\t\t\t\t\t\t\t\t\t\t\n\t\t\t\t\t\t\t\t\t\n\t\t\t\t<\/div>\n\t\t\t\t<!-- \/row_inner -->\n\t\t\t<\/div>\n\t\t\t<!-- \/module_row -->\n\t\t\t\n<\/div>\n<!-- \/themify_builder_content -->","protected":false},"excerpt":{"rendered":"<p>La dissolution Le 13 d\u00e9cembre 1599, le Prince-\u00e9v\u00eaque Ernest de Bavi\u00e8re confirme l\u2019institution, les statuts et les privil\u00e8ges de la compagnie des Arbal\u00e9triers. Il accorde aussi \u00e0 la m\u00eame compagnie la jouissance et le profit de deux neffs (\u00ab barques \u00bb) marchandes, ainsi que le droit de pr\u00e9lever un imp\u00f4t sur chaque ayme de cervoise. [&hellip;]<\/p>\n","protected":false},"author":1,"featured_media":0,"parent":0,"menu_order":0,"comment_status":"closed","ping_status":"closed","template":"","meta":{"footnotes":""},"class_list":["post-2633","page","type-page","status-publish","hentry"],"_links":{"self":[{"href":"https:\/\/www.arbaletriers.be\/wordpress\/wp-json\/wp\/v2\/pages\/2633"}],"collection":[{"href":"https:\/\/www.arbaletriers.be\/wordpress\/wp-json\/wp\/v2\/pages"}],"about":[{"href":"https:\/\/www.arbaletriers.be\/wordpress\/wp-json\/wp\/v2\/types\/page"}],"author":[{"embeddable":true,"href":"https:\/\/www.arbaletriers.be\/wordpress\/wp-json\/wp\/v2\/users\/1"}],"replies":[{"embeddable":true,"href":"https:\/\/www.arbaletriers.be\/wordpress\/wp-json\/wp\/v2\/comments?post=2633"}],"version-history":[{"count":1,"href":"https:\/\/www.arbaletriers.be\/wordpress\/wp-json\/wp\/v2\/pages\/2633\/revisions"}],"predecessor-version":[{"id":11897,"href":"https:\/\/www.arbaletriers.be\/wordpress\/wp-json\/wp\/v2\/pages\/2633\/revisions\/11897"}],"wp:attachment":[{"href":"https:\/\/www.arbaletriers.be\/wordpress\/wp-json\/wp\/v2\/media?parent=2633"}],"curies":[{"name":"wp","href":"https:\/\/api.w.org\/{rel}","templated":true}]}}