{"id":2657,"date":"2015-02-14T13:22:01","date_gmt":"2015-02-14T12:22:01","guid":{"rendered":"http:\/\/www.arbaletriers.be\/wordpress\/?page_id=2657"},"modified":"2024-02-20T10:43:00","modified_gmt":"2024-02-20T09:43:00","slug":"rites-et-coutumes","status":"publish","type":"page","link":"https:\/\/www.arbaletriers.be\/wordpress\/rites-et-coutumes\/","title":{"rendered":"Rites et Coutumes"},"content":{"rendered":"<div id=\"themify_builder_content-2657\" data-postid=\"2657\" class=\"themify_builder_content themify_builder_content-2657 themify_builder themify_builder_front\">\n\t\t\t\t\n\t\t\t<!-- module_row -->\n\t\t\t<div class=\"themify_builder_row module_row module_row_0 clearfix\" >\n\n\t\t\t\t<div class=\"row_inner\">\n\n\t\t\t\t\t\n\t\t\t\t\t\n\t\t\t\t\t\n\t\t\t\t\t\n\t\t\t\t\t\t\t\t<div class=\"col-full first tb-column\">\n\t\t\t\t\t\t\t\t\t\t\t\t\t\t\t\t\t\t\t\n\t\t\t\t\t\t\t\t\t\t\n<!-- module box -->\n<div id=\"box-2657-0-0-0\" class=\"module module-box box-2657-0-0-0 \">\n\t\t\n\t\t\n\t<div class=\"module-box-content ui rounded gradient default  \">\n\t\t<p><strong>Aspect folklorique et explications<\/strong><\/p><p>Les Arbal\u00e9triers sont fiers de leur pass\u00e9 : il int\u00e9ressera sans doute le lecteur de mieux connaitre les rites, coutumes et c\u00e9r\u00e9monies qui, encore aujourd\u2019hui, subsistent comme autant de vestiges de la richesse de leur histoire.<\/p>\t<\/div>\n\n\t<\/div>\n<!-- \/module box -->\n\t\t\t\t\t\t\t\t\t\n\t\t\t\t\t\t\t\t\t\t\t\t\t\t\t\t\t<\/div>\n\t\t\t\t\t\t\t\t<!-- \/col -->\n\t\t\t\t\t\t  \n\n\t\t\t\t\t\n\t\t\t\t\t\t\t\t\t\t\n\t\t\t\t\t\t\t\t\t\n\t\t\t\t<\/div>\n\t\t\t\t<!-- \/row_inner -->\n\t\t\t<\/div>\n\t\t\t<!-- \/module_row -->\n\t\t\t\n\t\t\t\n\t\t\t<!-- module_row -->\n\t\t\t<div class=\"themify_builder_row module_row module_row_1 clearfix\" >\n\n\t\t\t\t<div class=\"row_inner\">\n\n\t\t\t\t\t\n\t\t\t\t\t\n\t\t\t\t\t\n\t\t\t\t\t\n\t\t\t\t\t\t\t\t<div class=\"col4-1 first tb-column\">\n\t\t\t\t\t\t\t\t\t\t\t\t\t\t\t\t\t\t\t\n\t\t\t\t\t\t\t\t\t\t\n<!-- module box -->\n<div id=\"box-2657-1-0-0\" class=\"module module-box box-2657-1-0-0 \">\n\t\t<h3 class=\"module-title\">La Gloire<\/h3>\n\t\t\n\t\t\n\t<div class=\"module-box-content ui rounded gradient default  \">\n\t\t<p><a href=\"\/wordpress\/rites-et-coutumes-gloire\/\"><img loading=\"lazy\" decoding=\"async\" class=\" aligncenter\" src=\"\/photos\/ass1.jpg\" alt=\"La Gloire\" width=\"126\" height=\"126\" \/><\/a><\/p>\n\t<\/div>\n\n\t<\/div>\n<!-- \/module box -->\n\t\t\t\t\t\t\t\t\t\n\t\t\t\t\t\t\t\t\t\t\t\t\t\t\t\t\t<\/div>\n\t\t\t\t\t\t\t\t<!-- \/col -->\n\t\t\t\t\t\t\n\t\t\t\t\t\t\t\t<div class=\"col4-1 second tb-column\">\n\t\t\t\t\t\t\t\t\t\t\t\t\t\t\t\t\t\t\t\n\t\t\t\t\t\t\t\t\t\t\n<!-- module box -->\n<div id=\"box-2657-1-1-0\" class=\"module module-box box-2657-1-1-0 \">\n\t\t<h3 class=\"module-title\">La Descente<\/h3>\n\t\t\n\t\t\n\t<div class=\"module-box-content ui rounded gradient default  \">\n\t\t<p><a href=\"\/wordpress\/rites-et-coutumes-descente\/\"><img loading=\"lazy\" decoding=\"async\" class=\" aligncenter\" src=\"\/photos\/stele2.jpg\" alt=\"La Descente\" width=\"172\" height=\"125\" \/><\/a><\/p>\n\t<\/div>\n\n\t<\/div>\n<!-- \/module box -->\n\t\t\t\t\t\t\t\t\t\n\t\t\t\t\t\t\t\t\t\t\t\t\t\t\t\t\t<\/div>\n\t\t\t\t\t\t\t\t<!-- \/col -->\n\t\t\t\t\t\t\n\t\t\t\t\t\t\t\t<div class=\"col4-1 third tb-column\">\n\t\t\t\t\t\t\t\t\t\t\t\t\t\t\t\t\t\t\t\n\t\t\t\t\t\t\t\t\t\t\n<!-- module box -->\n<div id=\"box-2657-1-2-0\" class=\"module module-box box-2657-1-2-0 \">\n\t\t<h3 class=\"module-title\">F\u00eate Patronale<\/h3>\n\t\t\n\t\t\n\t<div class=\"module-box-content ui rounded gradient default  \">\n\t\t<p><a href=\"\/wordpress\/rites-et-coutumes-fete-patronale\/\"><img loading=\"lazy\" decoding=\"async\" class=\" aligncenter\" src=\"\/photos\/portedrapeau.jpg\" alt=\"La Descente\" width=\"155\" height=\"125\" \/><\/a><\/p>\n\t<\/div>\n\n\t<\/div>\n<!-- \/module box -->\n\t\t\t\t\t\t\t\t\t\n\t\t\t\t\t\t\t\t\t\t\t\t\t\t\t\t\t<\/div>\n\t\t\t\t\t\t\t\t<!-- \/col -->\n\t\t\t\t\t\t\n\t\t\t\t\t\t\t\t<div class=\"col4-1 last tb-column\">\n\t\t\t\t\t\t\t\t\t\t\t\t\t\t\t\t\t\t\t\n\t\t\t\t\t\t\t\t\t\t\n<!-- module box -->\n<div id=\"box-2657-1-3-0\" class=\"module module-box box-2657-1-3-0 \">\n\t\t<h3 class=\"module-title\">L'Offrande<\/h3>\n\t\t\n\t\t\n\t<div class=\"module-box-content ui rounded gradient default  \">\n\t\t<p><a href=\"\/wordpress\/rites-et-coutumes-offrande\/\"><img loading=\"lazy\" decoding=\"async\" class=\" aligncenter\" src=\"\/photos\/eglise.jpg\" alt=\"La Descente\" width=\"77\" height=\"125\" \/><\/a><\/p>\n\t<\/div>\n\n\t<\/div>\n<!-- \/module box -->\n\t\t\t\t\t\t\t\t\t\n\t\t\t\t\t\t\t\t\t\t\t\t\t\t\t\t\t<\/div>\n\t\t\t\t\t\t\t\t<!-- \/col -->\n\t\t\t\t\t\t  \n\n\t\t\t\t\t\n\t\t\t\t\t\t\t\t\t\t\n\t\t\t\t\t\t\t\t\t\n\t\t\t\t<\/div>\n\t\t\t\t<!-- \/row_inner -->\n\t\t\t<\/div>\n\t\t\t<!-- \/module_row -->\n\t\t\t\n\t\t\t\n\t\t\t<!-- module_row -->\n\t\t\t<div class=\"themify_builder_row module_row module_row_2 clearfix\" >\n\n\t\t\t\t<div class=\"row_inner\">\n\n\t\t\t\t\t\n\t\t\t\t\t\n\t\t\t\t\t\n\t\t\t\t\t\n\t\t\t\t\t\t\t\t<div class=\"col4-2 first tb-column\">\n\t\t\t\t\t\t\t\t\t\t\t\t\t\t\t\t\t\t\t\n\t\t\t\t\t\t\t\t\t\t\n<!-- module box -->\n<div id=\"box-2657-2-0-0\" class=\"module module-box box-2657-2-0-0 \">\n\t\t<h3 class=\"module-title\">La S\u00e9ance Acad\u00e9mique<\/h3>\n\t\t\n\t\t\n\t<div class=\"module-box-content ui rounded gradient default  \">\n\t\t<p><a href=\"\/wordpress\/rites-et-coutumes-seance-academique\/\"><img loading=\"lazy\" decoding=\"async\" class=\" aligncenter\" src=\"\/photos\/small-serment3.jpg\" alt=\"La Descente\" width=\"171\" height=\"220\" \/><\/a><\/p>\n\t<\/div>\n\n\t<\/div>\n<!-- \/module box -->\n\t\t\t\t\t\t\t\t\t\n\t\t\t\t\t\t\t\t\t\t\t\t\t\t\t\t\t<\/div>\n\t\t\t\t\t\t\t\t<!-- \/col -->\n\t\t\t\t\t\t\n\t\t\t\t\t\t\t\t<div class=\"col4-2 last tb-column\">\n\t\t\t\t\t\t\t\t\t\t\t\t\t\t\t\t\t\t\t\n\t\t\t\t\t\t\t\t\t\t\n<!-- module box -->\n<div id=\"box-2657-2-1-0\" class=\"module module-box box-2657-2-1-0 \">\n\t\t<h3 class=\"module-title\">La F\u00eate d'Ete<\/h3>\n\t\t\n\t\t\n\t<div class=\"module-box-content ui rounded gradient default  \">\n\t\t<p><a href=\"\/wordpress\/rites-et-coutumes-fete-dete\/\"><img loading=\"lazy\" decoding=\"async\" class=\" aligncenter\" src=\"\/photos\/cramignon.jpg\" alt=\"La Descente\" width=\"294\" height=\"220\" \/><\/a><\/p>\n\t<\/div>\n\n\t<\/div>\n<!-- \/module box -->\n\t\t\t\t\t\t\t\t\t\n\t\t\t\t\t\t\t\t\t\t\t\t\t\t\t\t\t<\/div>\n\t\t\t\t\t\t\t\t<!-- \/col -->\n\t\t\t\t\t\t  \n\n\t\t\t\t\t\n\t\t\t\t\t\t\t\t\t\t\n\t\t\t\t\t\t\t\t\t\n\t\t\t\t<\/div>\n\t\t\t\t<!-- \/row_inner -->\n\t\t\t<\/div>\n\t\t\t<!-- \/module_row -->\n\t\t\t\n<\/div>\n<!-- \/themify_builder_content -->","protected":false},"excerpt":{"rendered":"<p>Aspect folklorique et explicationsLes Arbal\u00e9triers sont fiers de leur pass\u00e9 : il int\u00e9ressera sans doute le lecteur de mieux connaitre les rites, coutumes et c\u00e9r\u00e9monies qui, encore aujourd\u2019hui, subsistent comme autant de vestiges de la richesse de leur histoire. La Gloire La Descente F\u00eate Patronale L&rsquo;Offrande La S\u00e9ance Acad\u00e9mique La F\u00eate d&rsquo;Ete<\/p>\n","protected":false},"author":1,"featured_media":0,"parent":0,"menu_order":0,"comment_status":"closed","ping_status":"closed","template":"","meta":{"footnotes":""},"class_list":["post-2657","page","type-page","status-publish","hentry"],"_links":{"self":[{"href":"https:\/\/www.arbaletriers.be\/wordpress\/wp-json\/wp\/v2\/pages\/2657"}],"collection":[{"href":"https:\/\/www.arbaletriers.be\/wordpress\/wp-json\/wp\/v2\/pages"}],"about":[{"href":"https:\/\/www.arbaletriers.be\/wordpress\/wp-json\/wp\/v2\/types\/page"}],"author":[{"embeddable":true,"href":"https:\/\/www.arbaletriers.be\/wordpress\/wp-json\/wp\/v2\/users\/1"}],"replies":[{"embeddable":true,"href":"https:\/\/www.arbaletriers.be\/wordpress\/wp-json\/wp\/v2\/comments?post=2657"}],"version-history":[{"count":1,"href":"https:\/\/www.arbaletriers.be\/wordpress\/wp-json\/wp\/v2\/pages\/2657\/revisions"}],"predecessor-version":[{"id":11908,"href":"https:\/\/www.arbaletriers.be\/wordpress\/wp-json\/wp\/v2\/pages\/2657\/revisions\/11908"}],"wp:attachment":[{"href":"https:\/\/www.arbaletriers.be\/wordpress\/wp-json\/wp\/v2\/media?parent=2657"}],"curies":[{"name":"wp","href":"https:\/\/api.w.org\/{rel}","templated":true}]}}

<div id="themify_builder_content-2657" data-postid="2657" class="themify_builder_content themify_builder_content-2657 themify_builder themify_builder_front">
				
			<!-- module_row -->
			<div class="themify_builder_row module_row module_row_0 clearfix" >

				<div class="row_inner">

					
					
					
					
								<div class="col-full first tb-column">
																			
										
<!-- module box -->
<div id="box-2657-0-0-0" class="module module-box box-2657-0-0-0 ">
		
		
	<div class="module-box-content ui rounded gradient default  ">
		<p><strong>Aspect folklorique et explications</strong></p><p>Les Arbalétriers sont fiers de leur passé : il intéressera sans doute le lecteur de mieux connaitre les rites, coutumes et cérémonies qui, encore aujourd’hui, subsistent comme autant de vestiges de la richesse de leur histoire.</p>	</div>

	</div>
<!-- /module box -->
									
																	</div>
								<!-- /col -->
						  

					
										
									
				</div>
				<!-- /row_inner -->
			</div>
			<!-- /module_row -->
			
			
			<!-- module_row -->
			<div class="themify_builder_row module_row module_row_1 clearfix" >

				<div class="row_inner">

					
					
					
					
								<div class="col4-1 first tb-column">
																			
										
<!-- module box -->
<div id="box-2657-1-0-0" class="module module-box box-2657-1-0-0 ">
		<h3 class="module-title">La Gloire</h3>
		
		
	<div class="module-box-content ui rounded gradient default  ">
		<p><a href="/wordpress/rites-et-coutumes-gloire/"><img loading="lazy" decoding="async" class=" aligncenter" src="/photos/ass1.jpg" alt="La Gloire" width="126" height="126" /></a></p>
	</div>

	</div>
<!-- /module box -->
									
																	</div>
								<!-- /col -->
						
								<div class="col4-1 second tb-column">
																			
										
<!-- module box -->
<div id="box-2657-1-1-0" class="module module-box box-2657-1-1-0 ">
		<h3 class="module-title">La Descente</h3>
		
		
	<div class="module-box-content ui rounded gradient default  ">
		<p><a href="/wordpress/rites-et-coutumes-descente/"><img loading="lazy" decoding="async" class=" aligncenter" src="/photos/stele2.jpg" alt="La Descente" width="172" height="125" /></a></p>
	</div>

	</div>
<!-- /module box -->
									
																	</div>
								<!-- /col -->
						
								<div class="col4-1 third tb-column">
																			
										
<!-- module box -->
<div id="box-2657-1-2-0" class="module module-box box-2657-1-2-0 ">
		<h3 class="module-title">Fête Patronale</h3>
		
		
	<div class="module-box-content ui rounded gradient default  ">
		<p><a href="/wordpress/rites-et-coutumes-fete-patronale/"><img loading="lazy" decoding="async" class=" aligncenter" src="/photos/portedrapeau.jpg" alt="La Descente" width="155" height="125" /></a></p>
	</div>

	</div>
<!-- /module box -->
									
																	</div>
								<!-- /col -->
						
								<div class="col4-1 last tb-column">
																			
										
<!-- module box -->
<div id="box-2657-1-3-0" class="module module-box box-2657-1-3-0 ">
		<h3 class="module-title">L'Offrande</h3>
		
		
	<div class="module-box-content ui rounded gradient default  ">
		<p><a href="/wordpress/rites-et-coutumes-offrande/"><img loading="lazy" decoding="async" class=" aligncenter" src="/photos/eglise.jpg" alt="La Descente" width="77" height="125" /></a></p>
	</div>

	</div>
<!-- /module box -->
									
																	</div>
								<!-- /col -->
						  

					
										
									
				</div>
				<!-- /row_inner -->
			</div>
			<!-- /module_row -->
			
			
			<!-- module_row -->
			<div class="themify_builder_row module_row module_row_2 clearfix" >

				<div class="row_inner">

					
					
					
					
								<div class="col4-2 first tb-column">
																			
										
<!-- module box -->
<div id="box-2657-2-0-0" class="module module-box box-2657-2-0-0 ">
		<h3 class="module-title">La Séance Académique</h3>
		
		
	<div class="module-box-content ui rounded gradient default  ">
		<p><a href="/wordpress/rites-et-coutumes-seance-academique/"><img loading="lazy" decoding="async" class=" aligncenter" src="/photos/small-serment3.jpg" alt="La Descente" width="171" height="220" /></a></p>
	</div>

	</div>
<!-- /module box -->
									
																	</div>
								<!-- /col -->
						
								<div class="col4-2 last tb-column">
																			
										
<!-- module box -->
<div id="box-2657-2-1-0" class="module module-box box-2657-2-1-0 ">
		<h3 class="module-title">La Fête d'Ete</h3>
		
		
	<div class="module-box-content ui rounded gradient default  ">
		<p><a href="/wordpress/rites-et-coutumes-fete-dete/"><img loading="lazy" decoding="async" class=" aligncenter" src="/photos/cramignon.jpg" alt="La Descente" width="294" height="220" /></a></p>
	</div>

	</div>
<!-- /module box -->
									
																	</div>
								<!-- /col -->
						  

					
										
									
				</div>
				<!-- /row_inner -->
			</div>
			<!-- /module_row -->
			
</div>
<!-- /themify_builder_content -->

<p>Aspect folklorique et explicationsLes Arbalétriers sont fiers de leur passé : il intéressera sans doute le lecteur de mieux connaitre les rites, coutumes et cérémonies qui, encore aujourd’hui, subsistent comme autant de vestiges de la richesse de leur histoire. La Gloire La Descente Fête Patronale L&rsquo;Offrande La Séance Académique La Fête d&rsquo;Ete</p>
