{"id":2919,"date":"2015-06-23T15:43:36","date_gmt":"2015-06-23T14:43:36","guid":{"rendered":"http:\/\/www.arbaletriers.be\/wordpress\/?page_id=2919"},"modified":"2024-02-20T11:05:02","modified_gmt":"2024-02-20T10:05:02","slug":"rites-et-coutumes-seance-academique","status":"publish","type":"page","link":"https:\/\/www.arbaletriers.be\/wordpress\/rites-et-coutumes-seance-academique\/","title":{"rendered":"Rites et Coutumes \u2013 S\u00e9ance Acad\u00e9mique"},"content":{"rendered":"<div id=\"themify_builder_content-2919\" data-postid=\"2919\" class=\"themify_builder_content themify_builder_content-2919 themify_builder themify_builder_front\">\n\t\t\t\t\n\t\t\t<!-- module_row -->\n\t\t\t<div class=\"themify_builder_row module_row module_row_0 clearfix\" >\n\n\t\t\t\t<div class=\"row_inner\">\n\n\t\t\t\t\t\n\t\t\t\t\t\n\t\t\t\t\t\n\t\t\t\t\t\n\t\t\t\t\t\t\t\t<div class=\"col-full first tb-column\">\n\t\t\t\t\t\t\t\t\t\t\t\t\t\t\t\t\t\t\t\n\t\t\t\t\t\t\t\t\t\t\n<!-- module box -->\n<div id=\"box-2919-0-0-0\" class=\"module module-box box-2919-0-0-0 \">\n\t\t\n\t\t\n\t<div class=\"module-box-content ui rounded gradient default  \">\n\t\t<div align=\"center\"><center>Apr\u00e8s l&rsquo;office, la compagnie d\u00e9filera une seconde fois dans les rues de la ville apr\u00e8s quoi, elle rentrera au local o\u00f9 se tiendront divers discours et les prestations de serment. L&rsquo;apr\u00e8s-midi, l&rsquo;assistance aux V\u00eapres et un troisi\u00e8me d\u00e9fil\u00e9 sont de rigueur. La journ\u00e9e se termine habituellement par un bal.<\/center><\/div>\t<\/div>\n\n\t<\/div>\n<!-- \/module box -->\n<!-- .themify_builder .box-2919-0-0-0 Style -->\n<style>\n.themify_builder .box-2919-0-0-0.module-box {\n\ttext-align: justify\n}\n<\/style>\n<!-- End .themify_builder .box-2919-0-0-0 Style -->\n\n\t\t\t\t\t\t\t\t\t\n\t\t\t\t\t\t\t\t\t\t\t\t\t\t\t\t\t<\/div>\n\t\t\t\t\t\t\t\t<!-- \/col -->\n\t\t\t\t\t\t  \n\n\t\t\t\t\t\n\t\t\t\t\t\t\t\t\t\t\n\t\t\t\t\t\t\t\t\t\n\t\t\t\t<\/div>\n\t\t\t\t<!-- \/row_inner -->\n\t\t\t<\/div>\n\t\t\t<!-- \/module_row -->\n\t\t\t\n\t\t\t\n\t\t\t<!-- module_row -->\n\t\t\t<div class=\"themify_builder_row module_row module_row_1 clearfix\" >\n\n\t\t\t\t<div class=\"row_inner\">\n\n\t\t\t\t\t\n\t\t\t\t\t\n\t\t\t\t\t\n\t\t\t\t\t\n\t\t\t\t\t\t\t\t<div class=\"col-full first tb-column\">\n\t\t\t\t\t\t\t\t\t\t\t\t\t\t\t\t\t\t\t\n\t\t\t\t\t\t\t\t\t\t\n<!-- module box -->\n<div id=\"box-2919-1-0-0\" class=\"module module-box box-2919-1-0-0 \">\n\t\t\n\t\t\n\t<div class=\"module-box-content ui rounded gradient default  \">\n\t\t<p><a href=\"\/photos\/big-serment1.jpg\" target=\"_blank\" rel=\"noopener\"><img decoding=\"async\" class=\"alignleft\" src=\"\/photos\/small-serment3.jpg\" alt=\"Promotion de Colonnels\" border=\"0\" \/><img decoding=\"async\" class=\" alignright\" src=\"\/photos\/small-serment1.jpg\" alt=\"Les cadets pr\u00eatent serment\" border=\"0\" \/><\/a><a href=\"\/photos\/big-serment3.jpg\" target=\"_blank\" rel=\"noopener\"><img decoding=\"async\" class=\" aligncenter\" src=\"\/photos\/small-serment2.jpg\" alt=\"Deux tambours pr\u00eatent serment\" border=\"0\" \/><br \/>\n<\/a><\/p>\n\t<\/div>\n\n\t<\/div>\n<!-- \/module box -->\n<!-- .themify_builder .box-2919-1-0-0 Style -->\n<style>\n.themify_builder .box-2919-1-0-0.module-box {\n\ttext-align: justify\n}\n<\/style>\n<!-- End .themify_builder .box-2919-1-0-0 Style -->\n\n\t\t\t\t\t\t\t\t\t\n\t\t\t\t\t\t\t\t\t\t\t\t\t\t\t\t\t<\/div>\n\t\t\t\t\t\t\t\t<!-- \/col -->\n\t\t\t\t\t\t  \n\n\t\t\t\t\t\n\t\t\t\t\t\t\t\t\t\t\n\t\t\t\t\t\t\t\t\t\n\t\t\t\t<\/div>\n\t\t\t\t<!-- \/row_inner -->\n\t\t\t<\/div>\n\t\t\t<!-- \/module_row -->\n\t\t\t\n<\/div>\n<!-- \/themify_builder_content -->","protected":false},"excerpt":{"rendered":"<p>Apr\u00e8s l&rsquo;office, la compagnie d\u00e9filera une seconde fois dans les rues de la ville apr\u00e8s quoi, elle rentrera au local o\u00f9 se tiendront divers discours et les prestations de serment. L&rsquo;apr\u00e8s-midi, l&rsquo;assistance aux V\u00eapres et un troisi\u00e8me d\u00e9fil\u00e9 sont de rigueur. La journ\u00e9e se termine habituellement par un bal.<\/p>\n","protected":false},"author":1,"featured_media":0,"parent":0,"menu_order":0,"comment_status":"closed","ping_status":"closed","template":"","meta":{"footnotes":""},"class_list":["post-2919","page","type-page","status-publish","hentry"],"_links":{"self":[{"href":"https:\/\/www.arbaletriers.be\/wordpress\/wp-json\/wp\/v2\/pages\/2919"}],"collection":[{"href":"https:\/\/www.arbaletriers.be\/wordpress\/wp-json\/wp\/v2\/pages"}],"about":[{"href":"https:\/\/www.arbaletriers.be\/wordpress\/wp-json\/wp\/v2\/types\/page"}],"author":[{"embeddable":true,"href":"https:\/\/www.arbaletriers.be\/wordpress\/wp-json\/wp\/v2\/users\/1"}],"replies":[{"embeddable":true,"href":"https:\/\/www.arbaletriers.be\/wordpress\/wp-json\/wp\/v2\/comments?post=2919"}],"version-history":[{"count":1,"href":"https:\/\/www.arbaletriers.be\/wordpress\/wp-json\/wp\/v2\/pages\/2919\/revisions"}],"predecessor-version":[{"id":11910,"href":"https:\/\/www.arbaletriers.be\/wordpress\/wp-json\/wp\/v2\/pages\/2919\/revisions\/11910"}],"wp:attachment":[{"href":"https:\/\/www.arbaletriers.be\/wordpress\/wp-json\/wp\/v2\/media?parent=2919"}],"curies":[{"name":"wp","href":"https:\/\/api.w.org\/{rel}","templated":true}]}}