{"id":4675,"date":"2017-01-12T14:47:52","date_gmt":"2017-01-12T13:47:52","guid":{"rendered":"http:\/\/www.arbaletriers.be\/wordpress\/?page_id=4675"},"modified":"2024-02-20T14:14:51","modified_gmt":"2024-02-20T13:14:51","slug":"compagnie-section-de-tir-arbalete-defendre-vise","status":"publish","type":"page","link":"https:\/\/www.arbaletriers.be\/wordpress\/compagnie-section-de-tir-arbalete-defendre-vise\/","title":{"rendered":"Compagnie &#8211; Section de Tir &#8211; 1. L&rsquo;arbal\u00e8te permet de d\u00e9fendre  Vis\u00e9"},"content":{"rendered":"<div id=\"themify_builder_content-4675\" data-postid=\"4675\" class=\"themify_builder_content themify_builder_content-4675 themify_builder themify_builder_front\">\n\t\t\t\t\n\t\t\t<!-- module_row -->\n\t\t\t<div class=\"themify_builder_row module_row module_row_0 clearfix\" >\n\n\t\t\t\t<div class=\"row_inner\">\n\n\t\t\t\t\t\n\t\t\t\t\t\n\t\t\t\t\t\n\t\t\t\t\t\n\t\t\t\t\t\t\t\t<div class=\"col-full first tb-column\">\n\t\t\t\t\t\t\t\t\t\t\t\t\t\t\t\t\t\t\t\n\t\t\t\t\t\t\t\t\t\t\n<!-- module box -->\n<div id=\"box-4675-0-0-0\" class=\"module module-box box-4675-0-0-0 \">\n\t\t\n\t\t\n\t<div class=\"module-box-content ui rounded gradient default  \">\n\t\t<i><b>1. L&rsquo;arbal\u00e8te permet de d\u00e9fendre Vis\u00e9.<\/b><\/i>\t<\/div>\n\n\t<\/div>\n<!-- \/module box -->\n<!-- .themify_builder .box-4675-0-0-0 Style -->\n<style>\n.themify_builder .box-4675-0-0-0.module-box {\n\ttext-align: justify\n}\n<\/style>\n<!-- End .themify_builder .box-4675-0-0-0 Style -->\n\n\n<!-- module box -->\n<div id=\"box-4675-0-0-1\" class=\"module module-box box-4675-0-0-1 \">\n\t\t\n\t\t\n\t<div class=\"module-box-content ui rounded gradient default  \">\n\t\t<p>De tous temps, les Arbal\u00e9triers ont, par obligation, pratiqu\u00e9 le tir \u00e0 l\u2019arbal\u00e8te pour d\u00e9fendre leur ville, son march\u00e9, le port sur la Meuse, l\u2019acheminement des produits et denr\u00e9es dans la Cit\u00e9.<br \/>\nLa premi\u00e8re mention de leur participation \u00e0 un concours de tir date de 1441. Cette rencontre \u00ab\u00a0sportive\u00a0\u00bb mettait en comp\u00e9tition la plupart des Bonnes Villes\u00a0des Pays de Li\u00e8ge\u00a0et de Looz.<br \/>\nElle est relat\u00e9e dans la \u00ab\u00a0Chronique de Jean de Stavelot\u00a0\u00bb, moine b\u00e9n\u00e9dictin de l\u2019abbaye de Saint-Laurent, \u00e0 Li\u00e8ge.<br \/>\nAu XVI\u00e8me si\u00e8cle, le Compagnie poss\u00e9dait \u00ab\u00a0un Jardin\u00a0ou trairie estant proche de la porte de Postice\u00a0\u00bb (porte de Mouland).<\/p>\n\t<\/div>\n\n\t<\/div>\n<!-- \/module box -->\n<!-- .themify_builder .box-4675-0-0-1 Style -->\n<style>\n.themify_builder .box-4675-0-0-1.module-box {\n\ttext-align: justify\n}\n<\/style>\n<!-- End .themify_builder .box-4675-0-0-1 Style -->\n\n\n<!-- module box -->\n<div id=\"box-4675-0-0-2\" class=\"module module-box box-4675-0-0-2 \">\n\t\t\n\t\t\n\t<div class=\"module-box-content ui rounded gradient default  \">\n\t\t<p><img loading=\"lazy\" decoding=\"async\" class=\"aligncenter\" src=\"\/wordpress\/wp-content\/uploads\/2017\/01\/1gravure.jpg\" alt=\"\" width=\"564\" height=\"384\" \/><\/p>\n<hr \/>\n<p><em>gravure de la Porte de Postice . Arthur Delgoffe.<\/em><\/p>\n\t<\/div>\n\n\t<\/div>\n<!-- \/module box -->\n<!-- .themify_builder .box-4675-0-0-2 Style -->\n<style>\n.themify_builder .box-4675-0-0-2.module-box {\n\ttext-align: justify\n}\n<\/style>\n<!-- End .themify_builder .box-4675-0-0-2 Style -->\n\n\n<!-- module box -->\n<div id=\"box-4675-0-0-3\" class=\"module module-box box-4675-0-0-3 \">\n\t\t\n\t\t\n\t<div class=\"module-box-content ui rounded gradient default  \">\n\t\t<p>La Compagnie s\u2019y fait livrer \u00ab\u00a0150 blanches pierres pour la muraille qu\u2019elle fait \u00e9riger \u00e0 jardin de L\u00e9onard le Merchier, joindant \u00e0 jardin de la Compaignie, et extant \u00e0 la Trairie desdits Arbal\u00e9triers\u00a0\u00bb.<br \/>Ce texte montre bien que les Arbal\u00e9triers tiraient alors sur des cibles, \u00e9tant donn\u00e9 qu\u2019ils avaient construit un mur de protection devant le jardin de L\u00e9onard le Merchier.<\/p><p>En 1568, lors de l\u2019entrevue entre le terrible Duc d\u2019Albe, gouverneur des Pays-Bas, et le prince-\u00e9v\u00eaque G\u00e9rard de Groesbeek, des f\u00eates splendides furent organis\u00e9es dans notre petite ville. Les augustes visiteurs honor\u00e8rent de leur pr\u00e9sence un \u00ab\u00a0Tir \u00e0 l\u2019Oiseau\u00a0\u00bb, offert par les Arbal\u00e9triers. A cette occasion, ceux-ci re\u00e7urent du gouverneur sanguinaire, une magnifique arbal\u00e8te incrust\u00e9e d\u2019ivoire, qui constitue le clou de notre collection actuelle.<\/p><p>Dans son mandement du 4 ao\u00fbt 1611, le prince-\u00e9v\u00eaque Ernest de Bavi\u00e8re, rappelant les droits et devoirs de la Compagnie, disait qu\u2019ils pouvaient \u00ab\u00a0<i>battre le tambour pour tirer le papegaye et les exercices ordinaires<\/i>\u00a0\u00bb.<\/p>\t<\/div>\n\n\t<\/div>\n<!-- \/module box -->\n<!-- .themify_builder .box-4675-0-0-3 Style -->\n<style>\n.themify_builder .box-4675-0-0-3.module-box {\n\ttext-align: justify\n}\n<\/style>\n<!-- End .themify_builder .box-4675-0-0-3 Style -->\n\n\n<!-- module box -->\n<div id=\"box-4675-0-0-4\" class=\"module module-box box-4675-0-0-4 \">\n\t\t\n\t\t\n\t<div class=\"module-box-content ui rounded gradient default  \">\n\t\t<p><img loading=\"lazy\" decoding=\"async\" class=\"aligncenter\" src=\"\/wordpress\/wp-content\/uploads\/2017\/01\/2blason.jpg\" alt=\"\" width=\"298\" height=\"298\" \/><\/p>\n\t<\/div>\n\n\t<\/div>\n<!-- \/module box -->\n<!-- .themify_builder .box-4675-0-0-4 Style -->\n<style>\n.themify_builder .box-4675-0-0-4.module-box {\n\ttext-align: justify\n}\n<\/style>\n<!-- End .themify_builder .box-4675-0-0-4 Style -->\n\n\n<!-- module box -->\n<div id=\"box-4675-0-0-5\" class=\"module module-box box-4675-0-0-5 \">\n\t\t\n\t\t\n\t<div class=\"module-box-content ui rounded gradient default  \">\n\t\t<p>Un acte du magistrat de Vis\u00e9, dat\u00e9 du 20 mai 1710 d\u00e9clare que les membres de la Compagnie pouvaient \u00ab\u00a0<i>aller tirer \u00e0 l\u2019arbal\u00e8te audit jardin<\/i> (de la Trairie), <i>tous les jours que bon leur semble parmy demandant la cl\u00e9 que le sieur Jacques Rysack ne pourrat refuser<\/i>\u00a0\u00bb.<\/p><p>Quelques ann\u00e9es plus tard, en 1713, les deux compagnies arm\u00e9es firent \u00e9lever, \u00e0 frais communs, un magnifique <i>paldiet <\/i>(perche \u00e0 l\u2019oiseau) \u00ab\u00a0<i>au faubourg de Souvreit<\/i>\u00a0\u00bb. Quand on tirait l\u2019oiseau royal, elles avaient droit \u00e0 une gratification du Magistrat. S\u2019agissait-il encore d\u2019un tir \u00e0 l\u2019arbal\u00e8te ou d\u2019un tir \u00e0 l\u2019arquebuse\u00a0? Le contexte ne permet pas de le pr\u00e9ciser, mais ce texte nous apprend qu\u2019outre le tir \u00e0 la cible, les Arbal\u00e9triers pratiquaient \u00e9galement le tir \u00e0 la perche. Notre Mus\u00e9e poss\u00e8de d\u2019ailleurs encore une arbal\u00e8te confectionn\u00e9e pour cet usage que l\u2019on porte sur l\u2019\u00e9paule en la pointant vers le haut.<\/p><p>Un inventaire dat\u00e9 de 1723 prouve que la Compagnie se servait \u00e0 cette \u00e9poque de sept arbal\u00e8tes qui \u00e9taient confi\u00e9es \u00e0 certains confr\u00e8res, avec la charge de les entretenir \u00e0 leurs frais\u00a0: <i>la Marguerite<\/i>, <i>la Duc d\u2019Albe<\/i>, <i>la Reute Latte<\/i> (la latte raide), <i>la Belle<\/i>, <i>la Brune<\/i>, <i>la Blanche<\/i>, <i>l\u2019Orloge sins weine<\/i> (l\u2019horloge sans cric). Six de ces arbal\u00e8tes sont encore conserv\u00e9es au Mus\u00e9e de la Compagnie.<\/p>\t<\/div>\n\n\t<\/div>\n<!-- \/module box -->\n<!-- .themify_builder .box-4675-0-0-5 Style -->\n<style>\n.themify_builder .box-4675-0-0-5.module-box {\n\ttext-align: justify\n}\n<\/style>\n<!-- End .themify_builder .box-4675-0-0-5 Style -->\n\n\n<!-- module box -->\n<div id=\"box-4675-0-0-6\" class=\"module module-box box-4675-0-0-6 \">\n\t\t\n\t\t\n\t<div class=\"module-box-content ui rounded gradient default  \">\n\t\t<p><img loading=\"lazy\" decoding=\"async\" class=\"aligncenter\" src=\"\/wordpress\/wp-content\/uploads\/2017\/01\/3ducdalbe.jpg\" alt=\"\" width=\"504\" height=\"336\" \/><\/p>\n<hr \/>\n<p><em>La Duc d\u2019Albe.<\/em><\/p>\n\t<\/div>\n\n\t<\/div>\n<!-- \/module box -->\n<!-- .themify_builder .box-4675-0-0-6 Style -->\n<style>\n.themify_builder .box-4675-0-0-6.module-box {\n\ttext-align: justify\n}\n<\/style>\n<!-- End .themify_builder .box-4675-0-0-6 Style -->\n\n\n<!-- module box -->\n<div id=\"box-4675-0-0-7\" class=\"module module-box box-4675-0-0-7 \">\n\t\t\n\t\t\n\t<div class=\"module-box-content ui rounded gradient default  \">\n\t\t<p><span style=\"color: #000000;\">D\u00e8s la fin du XVII<sup>\u00e8me<\/sup> si\u00e8cle, la Compagnie \u00e9tait devenue une soci\u00e9t\u00e9 d\u2019agr\u00e9ment. Par mandement du 16 ao\u00fbt 1682, le prince-\u00e9v\u00eaque Maximilien Henri de Bavi\u00e8re d\u00e9chargea la Ville de Vis\u00e9 de l\u2019obligation de solder les rentes \u00e0 la Compagnie, par suite des guerres (de Louis XIV, ndlr) et des malheurs qu\u2019elles entra\u00een\u00e8rent.<\/span><\/p><p>A la fin de l\u2019Ancien R\u00e9gime, les compagnies arm\u00e9es ne sont plus que des soci\u00e9t\u00e9s d\u2019agr\u00e9ment, veillant scrupuleusement au respect de leurs traditions et soucieuses de perp\u00e9tuer leurs us et coutumes.<\/p>\t<\/div>\n\n\t<\/div>\n<!-- \/module box -->\n<!-- .themify_builder .box-4675-0-0-7 Style -->\n<style>\n.themify_builder .box-4675-0-0-7.module-box {\n\ttext-align: justify\n}\n<\/style>\n<!-- End .themify_builder .box-4675-0-0-7 Style -->\n\n\t\t\t\t\t\t\t\t\t\n\t\t\t\t\t\t\t\t\t\t\t\t\t\t\t\t\t<\/div>\n\t\t\t\t\t\t\t\t<!-- \/col -->\n\t\t\t\t\t\t  \n\n\t\t\t\t\t\n\t\t\t\t\t\t\t\t\t\t\n\t\t\t\t\t\t\t\t\t\n\t\t\t\t<\/div>\n\t\t\t\t<!-- \/row_inner -->\n\t\t\t<\/div>\n\t\t\t<!-- \/module_row -->\n\t\t\t\n<\/div>\n<!-- \/themify_builder_content -->","protected":false},"excerpt":{"rendered":"<p>1. L&rsquo;arbal\u00e8te permet de d\u00e9fendre Vis\u00e9. De tous temps, les Arbal\u00e9triers ont, par obligation, pratiqu\u00e9 le tir \u00e0 l\u2019arbal\u00e8te pour d\u00e9fendre leur ville, son march\u00e9, le port sur la Meuse, l\u2019acheminement des produits et denr\u00e9es dans la Cit\u00e9. La premi\u00e8re mention de leur participation \u00e0 un concours de tir date de 1441. Cette rencontre \u00ab\u00a0sportive\u00a0\u00bb [&hellip;]<\/p>\n","protected":false},"author":1,"featured_media":0,"parent":0,"menu_order":0,"comment_status":"closed","ping_status":"closed","template":"","meta":{"footnotes":""},"class_list":["post-4675","page","type-page","status-publish","hentry"],"_links":{"self":[{"href":"https:\/\/www.arbaletriers.be\/wordpress\/wp-json\/wp\/v2\/pages\/4675"}],"collection":[{"href":"https:\/\/www.arbaletriers.be\/wordpress\/wp-json\/wp\/v2\/pages"}],"about":[{"href":"https:\/\/www.arbaletriers.be\/wordpress\/wp-json\/wp\/v2\/types\/page"}],"author":[{"embeddable":true,"href":"https:\/\/www.arbaletriers.be\/wordpress\/wp-json\/wp\/v2\/users\/1"}],"replies":[{"embeddable":true,"href":"https:\/\/www.arbaletriers.be\/wordpress\/wp-json\/wp\/v2\/comments?post=4675"}],"version-history":[{"count":1,"href":"https:\/\/www.arbaletriers.be\/wordpress\/wp-json\/wp\/v2\/pages\/4675\/revisions"}],"predecessor-version":[{"id":11922,"href":"https:\/\/www.arbaletriers.be\/wordpress\/wp-json\/wp\/v2\/pages\/4675\/revisions\/11922"}],"wp:attachment":[{"href":"https:\/\/www.arbaletriers.be\/wordpress\/wp-json\/wp\/v2\/media?parent=4675"}],"curies":[{"name":"wp","href":"https:\/\/api.w.org\/{rel}","templated":true}]}}

Compagnie &#8211; Section de Tir &#8211; 1. L&rsquo;arbalète permet de défendre  Visé

<div id="themify_builder_content-4675" data-postid="4675" class="themify_builder_content themify_builder_content-4675 themify_builder themify_builder_front">
				
			<!-- module_row -->
			<div class="themify_builder_row module_row module_row_0 clearfix" >

				<div class="row_inner">

					
					
					
					
								<div class="col-full first tb-column">
																			
										
<!-- module box -->
<div id="box-4675-0-0-0" class="module module-box box-4675-0-0-0 ">
		
		
	<div class="module-box-content ui rounded gradient default  ">
		<i><b>1. L&rsquo;arbalète permet de défendre Visé.</b></i>	</div>

	</div>
<!-- /module box -->
<!-- .themify_builder .box-4675-0-0-0 Style -->
<style>
.themify_builder .box-4675-0-0-0.module-box {
	text-align: justify
}
</style>
<!-- End .themify_builder .box-4675-0-0-0 Style -->


<!-- module box -->
<div id="box-4675-0-0-1" class="module module-box box-4675-0-0-1 ">
		
		
	<div class="module-box-content ui rounded gradient default  ">
		<p>De tous temps, les Arbalétriers ont, par obligation, pratiqué le tir à l’arbalète pour défendre leur ville, son marché, le port sur la Meuse, l’acheminement des produits et denrées dans la Cité.<br />
La première mention de leur participation à un concours de tir date de 1441. Cette rencontre « sportive » mettait en compétition la plupart des Bonnes Villes des Pays de Liège et de Looz.<br />
Elle est relatée dans la « Chronique de Jean de Stavelot », moine bénédictin de l’abbaye de Saint-Laurent, à Liège.<br />
Au XVIème siècle, le Compagnie possédait « un Jardin ou trairie estant proche de la porte de Postice » (porte de Mouland).</p>
	</div>

	</div>
<!-- /module box -->
<!-- .themify_builder .box-4675-0-0-1 Style -->
<style>
.themify_builder .box-4675-0-0-1.module-box {
	text-align: justify
}
</style>
<!-- End .themify_builder .box-4675-0-0-1 Style -->


<!-- module box -->
<div id="box-4675-0-0-2" class="module module-box box-4675-0-0-2 ">
		
		
	<div class="module-box-content ui rounded gradient default  ">
		<p><img loading="lazy" decoding="async" class="aligncenter" src="/wordpress/wp-content/uploads/2017/01/1gravure.jpg" alt="" width="564" height="384" /></p>
<hr />
<p><em>gravure de la Porte de Postice . Arthur Delgoffe.</em></p>
	</div>

	</div>
<!-- /module box -->
<!-- .themify_builder .box-4675-0-0-2 Style -->
<style>
.themify_builder .box-4675-0-0-2.module-box {
	text-align: justify
}
</style>
<!-- End .themify_builder .box-4675-0-0-2 Style -->


<!-- module box -->
<div id="box-4675-0-0-3" class="module module-box box-4675-0-0-3 ">
		
		
	<div class="module-box-content ui rounded gradient default  ">
		<p>La Compagnie s’y fait livrer « 150 blanches pierres pour la muraille qu’elle fait ériger à jardin de Léonard le Merchier, joindant à jardin de la Compaignie, et extant à la Trairie desdits Arbalétriers ».<br />Ce texte montre bien que les Arbalétriers tiraient alors sur des cibles, étant donné qu’ils avaient construit un mur de protection devant le jardin de Léonard le Merchier.</p><p>En 1568, lors de l’entrevue entre le terrible Duc d’Albe, gouverneur des Pays-Bas, et le prince-évêque Gérard de Groesbeek, des fêtes splendides furent organisées dans notre petite ville. Les augustes visiteurs honorèrent de leur présence un « Tir à l’Oiseau », offert par les Arbalétriers. A cette occasion, ceux-ci reçurent du gouverneur sanguinaire, une magnifique arbalète incrustée d’ivoire, qui constitue le clou de notre collection actuelle.</p><p>Dans son mandement du 4 août 1611, le prince-évêque Ernest de Bavière, rappelant les droits et devoirs de la Compagnie, disait qu’ils pouvaient « <i>battre le tambour pour tirer le papegaye et les exercices ordinaires</i> ».</p>	</div>

	</div>
<!-- /module box -->
<!-- .themify_builder .box-4675-0-0-3 Style -->
<style>
.themify_builder .box-4675-0-0-3.module-box {
	text-align: justify
}
</style>
<!-- End .themify_builder .box-4675-0-0-3 Style -->


<!-- module box -->
<div id="box-4675-0-0-4" class="module module-box box-4675-0-0-4 ">
		
		
	<div class="module-box-content ui rounded gradient default  ">
		<p><img loading="lazy" decoding="async" class="aligncenter" src="/wordpress/wp-content/uploads/2017/01/2blason.jpg" alt="" width="298" height="298" /></p>
	</div>

	</div>
<!-- /module box -->
<!-- .themify_builder .box-4675-0-0-4 Style -->
<style>
.themify_builder .box-4675-0-0-4.module-box {
	text-align: justify
}
</style>
<!-- End .themify_builder .box-4675-0-0-4 Style -->


<!-- module box -->
<div id="box-4675-0-0-5" class="module module-box box-4675-0-0-5 ">
		
		
	<div class="module-box-content ui rounded gradient default  ">
		<p>Un acte du magistrat de Visé, daté du 20 mai 1710 déclare que les membres de la Compagnie pouvaient « <i>aller tirer à l’arbalète audit jardin</i> (de la Trairie), <i>tous les jours que bon leur semble parmy demandant la clé que le sieur Jacques Rysack ne pourrat refuser</i> ».</p><p>Quelques années plus tard, en 1713, les deux compagnies armées firent élever, à frais communs, un magnifique <i>paldiet </i>(perche à l’oiseau) « <i>au faubourg de Souvreit</i> ». Quand on tirait l’oiseau royal, elles avaient droit à une gratification du Magistrat. S’agissait-il encore d’un tir à l’arbalète ou d’un tir à l’arquebuse ? Le contexte ne permet pas de le préciser, mais ce texte nous apprend qu’outre le tir à la cible, les Arbalétriers pratiquaient également le tir à la perche. Notre Musée possède d’ailleurs encore une arbalète confectionnée pour cet usage que l’on porte sur l’épaule en la pointant vers le haut.</p><p>Un inventaire daté de 1723 prouve que la Compagnie se servait à cette époque de sept arbalètes qui étaient confiées à certains confrères, avec la charge de les entretenir à leurs frais : <i>la Marguerite</i>, <i>la Duc d’Albe</i>, <i>la Reute Latte</i> (la latte raide), <i>la Belle</i>, <i>la Brune</i>, <i>la Blanche</i>, <i>l’Orloge sins weine</i> (l’horloge sans cric). Six de ces arbalètes sont encore conservées au Musée de la Compagnie.</p>	</div>

	</div>
<!-- /module box -->
<!-- .themify_builder .box-4675-0-0-5 Style -->
<style>
.themify_builder .box-4675-0-0-5.module-box {
	text-align: justify
}
</style>
<!-- End .themify_builder .box-4675-0-0-5 Style -->


<!-- module box -->
<div id="box-4675-0-0-6" class="module module-box box-4675-0-0-6 ">
		
		
	<div class="module-box-content ui rounded gradient default  ">
		<p><img loading="lazy" decoding="async" class="aligncenter" src="/wordpress/wp-content/uploads/2017/01/3ducdalbe.jpg" alt="" width="504" height="336" /></p>
<hr />
<p><em>La Duc d’Albe.</em></p>
	</div>

	</div>
<!-- /module box -->
<!-- .themify_builder .box-4675-0-0-6 Style -->
<style>
.themify_builder .box-4675-0-0-6.module-box {
	text-align: justify
}
</style>
<!-- End .themify_builder .box-4675-0-0-6 Style -->


<!-- module box -->
<div id="box-4675-0-0-7" class="module module-box box-4675-0-0-7 ">
		
		
	<div class="module-box-content ui rounded gradient default  ">
		<p><span style="color: #000000;">Dès la fin du XVII<sup>ème</sup> siècle, la Compagnie était devenue une société d’agrément. Par mandement du 16 août 1682, le prince-évêque Maximilien Henri de Bavière déchargea la Ville de Visé de l’obligation de solder les rentes à la Compagnie, par suite des guerres (de Louis XIV, ndlr) et des malheurs qu’elles entraînèrent.</span></p><p>A la fin de l’Ancien Régime, les compagnies armées ne sont plus que des sociétés d’agrément, veillant scrupuleusement au respect de leurs traditions et soucieuses de perpétuer leurs us et coutumes.</p>	</div>

	</div>
<!-- /module box -->
<!-- .themify_builder .box-4675-0-0-7 Style -->
<style>
.themify_builder .box-4675-0-0-7.module-box {
	text-align: justify
}
</style>
<!-- End .themify_builder .box-4675-0-0-7 Style -->

									
																	</div>
								<!-- /col -->
						  

					
										
									
				</div>
				<!-- /row_inner -->
			</div>
			<!-- /module_row -->
			
</div>
<!-- /themify_builder_content -->

<p>1. L&rsquo;arbalète permet de défendre Visé. De tous temps, les Arbalétriers ont, par obligation, pratiqué le tir à l’arbalète pour défendre leur ville, son marché, le port sur la Meuse, l’acheminement des produits et denrées dans la Cité. La première mention de leur participation à un concours de tir date de 1441. Cette rencontre « sportive » [&hellip;]</p>
