{"id":4707,"date":"2017-01-13T16:43:24","date_gmt":"2017-01-13T15:43:24","guid":{"rendered":"http:\/\/www.arbaletriers.be\/wordpress\/?page_id=4707"},"modified":"2024-02-20T11:21:39","modified_gmt":"2024-02-20T10:21:39","slug":"compagnie-jeunes-bleus","status":"publish","type":"page","link":"https:\/\/www.arbaletriers.be\/wordpress\/compagnie-jeunes-bleus\/","title":{"rendered":"Compagnie &#8211; Jeunes Bleus"},"content":{"rendered":"<div id=\"themify_builder_content-4707\" data-postid=\"4707\" class=\"themify_builder_content themify_builder_content-4707 themify_builder themify_builder_front\">\n\t\t\t\t\n\t\t\t<!-- module_row -->\n\t\t\t<div class=\"themify_builder_row module_row module_row_0 clearfix\" >\n\n\t\t\t\t<div class=\"row_inner\">\n\n\t\t\t\t\t\n\t\t\t\t\t\n\t\t\t\t\t\n\t\t\t\t\t\n\t\t\t\t\t\t\t\t<div class=\"col-full first tb-column\">\n\t\t\t\t\t\t\t\t\t\t\t\t\t\t\t\t\t\t\t\n\t\t\t\t\t\t\t\t\t\t\n<!-- module box -->\n<div id=\"box-4707-0-0-0\" class=\"module module-box box-4707-0-0-0 \">\n\t\t\n\t\t\n\t<div class=\"module-box-content ui rounded gradient default  \">\n\t\t<h1>La Section des Jeunes Bleus<\/h1>\n<h1><\/h1>\n\t<\/div>\n\n\t<\/div>\n<!-- \/module box -->\n<!-- .themify_builder .box-4707-0-0-0 Style -->\n<style>\n.themify_builder .box-4707-0-0-0.module-box {\n\ttext-align: justify\n}\n<\/style>\n<!-- End .themify_builder .box-4707-0-0-0 Style -->\n\n\n<!-- module box -->\n<div id=\"box-4707-0-0-1\" class=\"module module-box box-4707-0-0-1 \">\n\t\t\n\t\t\n\t<div class=\"module-box-content ui rounded gradient default  \">\n\t\t<p><strong>Introduction\u00a0:<\/strong><\/p><p><em>\u00ab\u00a0Du sein des Vieux Arbal\u00e9triers<\/em><br \/><em> Naquit un jour, bourgeon plein de s\u00e8ve et de vie,<\/em><br \/><em> Une jeune et fi\u00e8re soci\u00e9t\u00e9<\/em><br \/><em> Les Jeunes Bleus, tous enfants de la Compagnie<\/em><br \/><em> C\u2019est de l\u00e0, oui que sort maintenant<\/em><br \/><em> L\u2019ardent et fier Arbal\u00e9trier pour la vie<\/em><br \/><em> Le Bleu sinc\u00e8re au c\u0153ur si noble et si vaillant<\/em><br \/><em> Que tous admirent en l\u2019aimant\u00a0\u00bb.<\/em><\/p><p>Ces paroles de la Marche des Jeunes Bleus, \u0153uvre de Fernand MARTIN fils, dat\u00e9e de 1922 (Revue Saint-Georges \u00e0 Vis\u00e9) d\u00e9crivent mieux que tout discours la filiation existant entre les Jeunes Bleus et la vieille compagnie multis\u00e9culaire.<br \/> Un carnet retrouv\u00e9 parmi les tr\u00e9sors figurant dans nos Archives permet d\u2019en retracer les d\u00e9buts. Il s\u2019intitule Comptes du Cercle des Jeunes Bleus et a \u00e9t\u00e9 r\u00e9dig\u00e9 par le tr\u00e9sorier Joseph PAULUS (futur g\u00e9n\u00e9ral-pr\u00e9sident). Il couvre la p\u00e9riode allant de 1902 \u00e0 1922 et a largement inspir\u00e9 la premi\u00e8re partie de cet expos\u00e9.<\/p>\t<\/div>\n\n\t<\/div>\n<!-- \/module box -->\n<!-- .themify_builder .box-4707-0-0-1 Style -->\n<style>\n.themify_builder .box-4707-0-0-1.module-box {\n\ttext-align: justify\n}\n<\/style>\n<!-- End .themify_builder .box-4707-0-0-1 Style -->\n\n\t\t\t\t\t\t\t\t\t\n\t\t\t\t\t\t\t\t\t\t\t\t\t\t\t\t\t<\/div>\n\t\t\t\t\t\t\t\t<!-- \/col -->\n\t\t\t\t\t\t  \n\n\t\t\t\t\t\n\t\t\t\t\t\t\t\t\t\t\n\t\t\t\t\t\t\t\t\t\n\t\t\t\t<\/div>\n\t\t\t\t<!-- \/row_inner -->\n\t\t\t<\/div>\n\t\t\t<!-- \/module_row -->\n\t\t\t\n\t\t\t\n\t\t\t<!-- module_row -->\n\t\t\t<div class=\"themify_builder_row module_row module_row_1 clearfix\" >\n\n\t\t\t\t<div class=\"row_inner\">\n\n\t\t\t\t\t\n\t\t\t\t\t\n\t\t\t\t\t\n\t\t\t\t\t\n\t\t\t\t\t\t\t\t<div class=\"col4-2 first tb-column\">\n\t\t\t\t\t\t\t\t\t\t\t\t\t\t\t\t\t\t\t\n\t\t\t\t\t\t\t\t\t\t\n<!-- module box -->\n<div id=\"box-4707-1-0-0\" class=\"module module-box box-4707-1-0-0 \">\n\t\t\n\t\t\n\t<div class=\"module-box-content ui rounded gradient default  \">\n\t\t<p><i><b>1. Les d\u00e9buts (1900-1914)\u00a0:<\/b><\/i><br \/>\n<a href=\"\/wordpress\/compagnie-jeunes-bleus-1\/\"><img loading=\"lazy\" decoding=\"async\" class=\" aligncenter\" src=\"\/wordpress\/wp-content\/uploads\/2017\/11\/jb2.png\" alt=\"En 1922, cr\u00e9ation de la Commission de Tir.\" width=\"346\" height=\"250\" \/><\/a><\/p>\n\t<\/div>\n\n\t<\/div>\n<!-- \/module box -->\n<!-- .themify_builder .box-4707-1-0-0 Style -->\n<style>\n.themify_builder .box-4707-1-0-0.module-box {\n\ttext-align: justify\n}\n<\/style>\n<!-- End .themify_builder .box-4707-1-0-0 Style -->\n\n\t\t\t\t\t\t\t\t\t\n\t\t\t\t\t\t\t\t\t\t\t\t\t\t\t\t\t<\/div>\n\t\t\t\t\t\t\t\t<!-- \/col -->\n\t\t\t\t\t\t\n\t\t\t\t\t\t\t\t<div class=\"col4-2 last tb-column\">\n\t\t\t\t\t\t\t\t\t\t\t\t\t\t\t\t\t\t\t\n\t\t\t\t\t\t\t\t\t\t\n<!-- module box -->\n<div id=\"box-4707-1-1-0\" class=\"module module-box box-4707-1-1-0 \">\n\t\t\n\t\t\n\t<div class=\"module-box-content ui rounded gradient default  \">\n\t\t<p><i><b>2. L&rsquo;apr\u00e8s-guerre\u00a0:<\/b><\/i><br \/>\n<a href=\"\/wordpress\/compagnie-jeunes-bleus-2\/\"><img loading=\"lazy\" decoding=\"async\" class=\" aligncenter\" src=\"\/wordpress\/wp-content\/uploads\/2017\/11\/jb1.png\" alt=\"En 1922, cr\u00e9ation de la Commission de Tir.\" width=\"393\" height=\"250\" \/><\/a><\/p>\n\t<\/div>\n\n\t<\/div>\n<!-- \/module box -->\n<!-- .themify_builder .box-4707-1-1-0 Style -->\n<style>\n.themify_builder .box-4707-1-1-0.module-box {\n\ttext-align: justify\n}\n<\/style>\n<!-- End .themify_builder .box-4707-1-1-0 Style -->\n\n\t\t\t\t\t\t\t\t\t\n\t\t\t\t\t\t\t\t\t\t\t\t\t\t\t\t\t<\/div>\n\t\t\t\t\t\t\t\t<!-- \/col -->\n\t\t\t\t\t\t  \n\n\t\t\t\t\t\n\t\t\t\t\t\t\t\t\t\t\n\t\t\t\t\t\t\t\t\t\n\t\t\t\t<\/div>\n\t\t\t\t<!-- \/row_inner -->\n\t\t\t<\/div>\n\t\t\t<!-- \/module_row -->\n\t\t\t\n\t\t\t\n\t\t\t<!-- module_row -->\n\t\t\t<div class=\"themify_builder_row module_row module_row_2 clearfix\" >\n\n\t\t\t\t<div class=\"row_inner\">\n\n\t\t\t\t\t\n\t\t\t\t\t\n\t\t\t\t\t\n\t\t\t\t\t\n\t\t\t\t\t\t\t\t<div class=\"col4-2 first tb-column\">\n\t\t\t\t\t\t\t\t\t\t\t\t\t\t\t\t\t\t\t\n\t\t\t\t\t\t\t\t\t\t\n<!-- module box -->\n<div id=\"box-4707-2-0-0\" class=\"module module-box box-4707-2-0-0 \">\n\t\t\n\t\t\n\t<div class=\"module-box-content ui rounded gradient default  \">\n\t\t<p><strong>3. De 1945 \u00e0 nos jours<\/strong><br \/>\n<a href=\"\/wordpress\/compagnie-jeunes-bleus-3\/\"><img loading=\"lazy\" decoding=\"async\" class=\" aligncenter\" src=\"\/wordpress\/wp-content\/uploads\/2017\/02\/jb2.jpg\" alt=\"De 1945 \u00e0 nos jours\" width=\"334\" height=\"250\" \/><\/a><\/p>\n\t<\/div>\n\n\t<\/div>\n<!-- \/module box -->\n<!-- .themify_builder .box-4707-2-0-0 Style -->\n<style>\n.themify_builder .box-4707-2-0-0.module-box {\n\ttext-align: justify\n}\n<\/style>\n<!-- End .themify_builder .box-4707-2-0-0 Style -->\n\n\t\t\t\t\t\t\t\t\t\n\t\t\t\t\t\t\t\t\t\t\t\t\t\t\t\t\t<\/div>\n\t\t\t\t\t\t\t\t<!-- \/col -->\n\t\t\t\t\t\t\n\t\t\t\t\t\t\t\t<div class=\"col4-2 last tb-column\">\n\t\t\t\t\t\t\t\t\t\t\t\t\t\t\t\t\t\t\t\n\t\t\t\t\t\t\t\t\t\t\n<!-- module box -->\n<div id=\"box-4707-2-1-0\" class=\"module module-box box-4707-2-1-0 \">\n\t\t\n\t\t\n\t<div class=\"module-box-content ui rounded gradient default  \">\n\t\t<p><i><b>4. Annexes :<\/b><\/i><br \/>\n<a href=\"\/wordpress\/compagnie-jeunes-bleus-4-annexes\/\"><img loading=\"lazy\" decoding=\"async\" class=\" aligncenter\" src=\"\/wordpress\/wp-content\/uploads\/2017\/01\/3ducdalbe.jpg\" alt=\"Annexes.\" width=\"374\" height=\"250\" \/><\/a><\/p>\n\t<\/div>\n\n\t<\/div>\n<!-- \/module box -->\n<!-- .themify_builder .box-4707-2-1-0 Style -->\n<style>\n.themify_builder .box-4707-2-1-0.module-box {\n\ttext-align: justify\n}\n<\/style>\n<!-- End .themify_builder .box-4707-2-1-0 Style -->\n\n\t\t\t\t\t\t\t\t\t\n\t\t\t\t\t\t\t\t\t\t\t\t\t\t\t\t\t<\/div>\n\t\t\t\t\t\t\t\t<!-- \/col -->\n\t\t\t\t\t\t  \n\n\t\t\t\t\t\n\t\t\t\t\t\t\t\t\t\t\n\t\t\t\t\t\t\t\t\t\n\t\t\t\t<\/div>\n\t\t\t\t<!-- \/row_inner -->\n\t\t\t<\/div>\n\t\t\t<!-- \/module_row -->\n\t\t\t\n<\/div>\n<!-- \/themify_builder_content -->","protected":false},"excerpt":{"rendered":"<p>La Section des Jeunes Bleus Introduction\u00a0:\u00ab\u00a0Du sein des Vieux Arbal\u00e9triers Naquit un jour, bourgeon plein de s\u00e8ve et de vie, Une jeune et fi\u00e8re soci\u00e9t\u00e9 Les Jeunes Bleus, tous enfants de la Compagnie C\u2019est de l\u00e0, oui que sort maintenant L\u2019ardent et fier Arbal\u00e9trier pour la vie Le Bleu sinc\u00e8re au c\u0153ur si noble et [&hellip;]<\/p>\n","protected":false},"author":1,"featured_media":0,"parent":0,"menu_order":0,"comment_status":"closed","ping_status":"closed","template":"","meta":{"footnotes":""},"class_list":["post-4707","page","type-page","status-publish","hentry"],"_links":{"self":[{"href":"https:\/\/www.arbaletriers.be\/wordpress\/wp-json\/wp\/v2\/pages\/4707"}],"collection":[{"href":"https:\/\/www.arbaletriers.be\/wordpress\/wp-json\/wp\/v2\/pages"}],"about":[{"href":"https:\/\/www.arbaletriers.be\/wordpress\/wp-json\/wp\/v2\/types\/page"}],"author":[{"embeddable":true,"href":"https:\/\/www.arbaletriers.be\/wordpress\/wp-json\/wp\/v2\/users\/1"}],"replies":[{"embeddable":true,"href":"https:\/\/www.arbaletriers.be\/wordpress\/wp-json\/wp\/v2\/comments?post=4707"}],"version-history":[{"count":1,"href":"https:\/\/www.arbaletriers.be\/wordpress\/wp-json\/wp\/v2\/pages\/4707\/revisions"}],"predecessor-version":[{"id":11912,"href":"https:\/\/www.arbaletriers.be\/wordpress\/wp-json\/wp\/v2\/pages\/4707\/revisions\/11912"}],"wp:attachment":[{"href":"https:\/\/www.arbaletriers.be\/wordpress\/wp-json\/wp\/v2\/media?parent=4707"}],"curies":[{"name":"wp","href":"https:\/\/api.w.org\/{rel}","templated":true}]}}