{"id":4732,"date":"2017-01-19T16:02:05","date_gmt":"2017-01-19T15:02:05","guid":{"rendered":"http:\/\/www.arbaletriers.be\/wordpress\/?page_id=4732"},"modified":"2024-02-20T14:34:10","modified_gmt":"2024-02-20T13:34:10","slug":"compagnie-tambours","status":"publish","type":"page","link":"https:\/\/www.arbaletriers.be\/wordpress\/compagnie-tambours\/","title":{"rendered":"Compagnie &#8211; Tambours"},"content":{"rendered":"<div id=\"themify_builder_content-4732\" data-postid=\"4732\" class=\"themify_builder_content themify_builder_content-4732 themify_builder themify_builder_front\">\n\t\t\t\t\n\t\t\t<!-- module_row -->\n\t\t\t<div class=\"themify_builder_row module_row module_row_0 clearfix\" >\n\n\t\t\t\t<div class=\"row_inner\">\n\n\t\t\t\t\t\n\t\t\t\t\t\n\t\t\t\t\t\n\t\t\t\t\t\n\t\t\t\t\t\t\t\t<div class=\"col-full first tb-column\">\n\t\t\t\t\t\t\t\t\t\t\t\t\t\t\t\t\t\t\t\n\t\t\t\t\t\t\t\t\t\t\n<!-- module box -->\n<div id=\"box-4732-0-0-0\" class=\"module module-box box-4732-0-0-0 \">\n\t\t\n\t\t\n\t<div class=\"module-box-content ui rounded gradient default  \">\n\t\t<h1>Les Tambours<\/h1>\n<h1><\/h1>\n\t<\/div>\n\n\t<\/div>\n<!-- \/module box -->\n<!-- .themify_builder .box-4732-0-0-0 Style -->\n<style>\n.themify_builder .box-4732-0-0-0.module-box {\n\ttext-align: justify\n}\n<\/style>\n<!-- End .themify_builder .box-4732-0-0-0 Style -->\n\n\n<!-- module box -->\n<div id=\"box-4732-0-0-1\" class=\"module module-box box-4732-0-0-1 \">\n\t\t\n\t\t\n\t<div class=\"module-box-content ui rounded gradient default  \">\n\t\t<p>Par sa sp\u00e9cificit\u00e9 et la place qu&rsquo;il occupe au sein de la Compagnie, le corps des tambours a toujours jou\u00e9 un r\u00f4le pr\u00e9pond\u00e9rant dans la grande famille arbal\u00e9tri\u00e8re.<br \/> Quelles sont les origines de ce corps, ses dirigeants, ses r\u00e8glements, son r\u00e9pertoire ?<br \/> Nous allons tenter de r\u00e9pondre \u00e0 ces interrogations.<\/p>\t<\/div>\n\n\t<\/div>\n<!-- \/module box -->\n<!-- .themify_builder .box-4732-0-0-1 Style -->\n<style>\n.themify_builder .box-4732-0-0-1.module-box {\n\ttext-align: justify\n}\n<\/style>\n<!-- End .themify_builder .box-4732-0-0-1 Style -->\n\n\t\t\t\t\t\t\t\t\t\n\t\t\t\t\t\t\t\t\t\t\t\t\t\t\t\t\t<\/div>\n\t\t\t\t\t\t\t\t<!-- \/col -->\n\t\t\t\t\t\t  \n\n\t\t\t\t\t\n\t\t\t\t\t\t\t\t\t\t\n\t\t\t\t\t\t\t\t\t\n\t\t\t\t<\/div>\n\t\t\t\t<!-- \/row_inner -->\n\t\t\t<\/div>\n\t\t\t<!-- \/module_row -->\n\t\t\t\n\t\t\t\n\t\t\t<!-- module_row -->\n\t\t\t<div class=\"themify_builder_row module_row module_row_1 clearfix\" >\n\n\t\t\t\t<div class=\"row_inner\">\n\n\t\t\t\t\t\n\t\t\t\t\t\n\t\t\t\t\t\n\t\t\t\t\t\n\t\t\t\t\t\t\t\t<div class=\"col4-2 first tb-column\">\n\t\t\t\t\t\t\t\t\t\t\t\t\t\t\t\t\t\t\t\n\t\t\t\t\t\t\t\t\t\t\n<!-- module box -->\n<div id=\"box-4732-1-0-0\" class=\"module module-box box-4732-1-0-0 \">\n\t\t\n\t\t\n\t<div class=\"module-box-content ui rounded gradient default  \">\n\t\t<p><i><b>1. Historique.\u00a0:<\/b><\/i><br \/>\n<a href=\"\/wordpress\/compagnie-tambours-1\/\"><img loading=\"lazy\" decoding=\"async\" class=\" aligncenter\" src=\"\/wordpress\/wp-content\/uploads\/2017\/02\/tchotcho.png\" alt=\"Historique\" width=\"277\" height=\"350\" \/><\/a><\/p>\n\t<\/div>\n\n\t<\/div>\n<!-- \/module box -->\n<!-- .themify_builder .box-4732-1-0-0 Style -->\n<style>\n.themify_builder .box-4732-1-0-0.module-box {\n\ttext-align: justify\n}\n<\/style>\n<!-- End .themify_builder .box-4732-1-0-0 Style -->\n\n\t\t\t\t\t\t\t\t\t\n\t\t\t\t\t\t\t\t\t\t\t\t\t\t\t\t\t<\/div>\n\t\t\t\t\t\t\t\t<!-- \/col -->\n\t\t\t\t\t\t\n\t\t\t\t\t\t\t\t<div class=\"col4-2 last tb-column\">\n\t\t\t\t\t\t\t\t\t\t\t\t\t\t\t\t\t\t\t\n\t\t\t\t\t\t\t\t\t\t\n<!-- module box -->\n<div id=\"box-4732-1-1-0\" class=\"module module-box box-4732-1-1-0 \">\n\t\t\n\t\t\n\t<div class=\"module-box-content ui rounded gradient default  \">\n\t\t<p><i><b>2. Liste des tambours-majors. <\/b><\/i><br \/>\n<a href=\"\/wordpress\/compagnie-tambours-2\/\"><img loading=\"lazy\" decoding=\"async\" class=\" aligncenter\" src=\"\/wordpress\/wp-content\/uploads\/2017\/02\/82-V-Milet.jpg\" alt=\"2. Liste des tambours-majors.\" width=\"245\" height=\"350\" \/><\/a><\/p>\n\t<\/div>\n\n\t<\/div>\n<!-- \/module box -->\n<!-- .themify_builder .box-4732-1-1-0 Style -->\n<style>\n.themify_builder .box-4732-1-1-0.module-box {\n\ttext-align: justify\n}\n<\/style>\n<!-- End .themify_builder .box-4732-1-1-0 Style -->\n\n\t\t\t\t\t\t\t\t\t\n\t\t\t\t\t\t\t\t\t\t\t\t\t\t\t\t\t<\/div>\n\t\t\t\t\t\t\t\t<!-- \/col -->\n\t\t\t\t\t\t  \n\n\t\t\t\t\t\n\t\t\t\t\t\t\t\t\t\t\n\t\t\t\t\t\t\t\t\t\n\t\t\t\t<\/div>\n\t\t\t\t<!-- \/row_inner -->\n\t\t\t<\/div>\n\t\t\t<!-- \/module_row -->\n\t\t\t\n\t\t\t\n\t\t\t<!-- module_row -->\n\t\t\t<div class=\"themify_builder_row module_row module_row_2 clearfix\" >\n\n\t\t\t\t<div class=\"row_inner\">\n\n\t\t\t\t\t\n\t\t\t\t\t\n\t\t\t\t\t\n\t\t\t\t\t\n\t\t\t\t\t\t\t\t<div class=\"col4-2 first tb-column\">\n\t\t\t\t\t\t\t\t\t\t\t\t\t\t\t\t\t\t\t\n\t\t\t\t\t\t\t\t\t\t\n<!-- module box -->\n<div id=\"box-4732-2-0-0\" class=\"module module-box box-4732-2-0-0 \">\n\t\t\n\t\t\n\t<div class=\"module-box-content ui rounded gradient default  \">\n\t\t<p><i><b>3. Organisation et r\u00e8glement.<\/b><\/i><br \/>\n<a href=\"\/wordpress\/compagnie-tambours-3\/\"><img loading=\"lazy\" decoding=\"async\" class=\" aligncenter\" src=\"\/wordpress\/wp-content\/uploads\/2017\/02\/tambour1.jpg\" alt=\"Organisation et r\u00e8glement.\" width=\"374\" height=\"250\" \/><\/a><\/p>\n\t<\/div>\n\n\t<\/div>\n<!-- \/module box -->\n<!-- .themify_builder .box-4732-2-0-0 Style -->\n<style>\n.themify_builder .box-4732-2-0-0.module-box {\n\ttext-align: justify\n}\n<\/style>\n<!-- End .themify_builder .box-4732-2-0-0 Style -->\n\n\t\t\t\t\t\t\t\t\t\n\t\t\t\t\t\t\t\t\t\t\t\t\t\t\t\t\t<\/div>\n\t\t\t\t\t\t\t\t<!-- \/col -->\n\t\t\t\t\t\t\n\t\t\t\t\t\t\t\t<div class=\"col4-2 last tb-column\">\n\t\t\t\t\t\t\t\t\t\t\t\t\t\t\t\t\t\t\t\n\t\t\t\t\t\t\t\t\t\t\n<!-- module box -->\n<div id=\"box-4732-2-1-0\" class=\"module module-box box-4732-2-1-0 \">\n\t\t\n\t\t\n\t<div class=\"module-box-content ui rounded gradient default  \">\n\t\t<p><i><b>4. R\u00e9pertoire.<\/b><\/i><br \/>\n<a href=\"\/wordpress\/compagnie-tambours-4\/\"><img loading=\"lazy\" decoding=\"async\" class=\" aligncenter\" src=\"\/wordpress\/wp-content\/uploads\/2017\/02\/tambour1.jpg\" alt=\"R\u00e9pertoire.\" width=\"374\" height=\"250\" \/><\/a><\/p>\n\t<\/div>\n\n\t<\/div>\n<!-- \/module box -->\n<!-- .themify_builder .box-4732-2-1-0 Style -->\n<style>\n.themify_builder .box-4732-2-1-0.module-box {\n\ttext-align: justify\n}\n<\/style>\n<!-- End .themify_builder .box-4732-2-1-0 Style -->\n\n\t\t\t\t\t\t\t\t\t\n\t\t\t\t\t\t\t\t\t\t\t\t\t\t\t\t\t<\/div>\n\t\t\t\t\t\t\t\t<!-- \/col -->\n\t\t\t\t\t\t  \n\n\t\t\t\t\t\n\t\t\t\t\t\t\t\t\t\t\n\t\t\t\t\t\t\t\t\t\n\t\t\t\t<\/div>\n\t\t\t\t<!-- \/row_inner -->\n\t\t\t<\/div>\n\t\t\t<!-- \/module_row -->\n\t\t\t\n<\/div>\n<!-- \/themify_builder_content -->","protected":false},"excerpt":{"rendered":"<p>Les Tambours Par sa sp\u00e9cificit\u00e9 et la place qu&rsquo;il occupe au sein de la Compagnie, le corps des tambours a toujours jou\u00e9 un r\u00f4le pr\u00e9pond\u00e9rant dans la grande famille arbal\u00e9tri\u00e8re. Quelles sont les origines de ce corps, ses dirigeants, ses r\u00e8glements, son r\u00e9pertoire ? Nous allons tenter de r\u00e9pondre \u00e0 ces interrogations. 1. Historique.\u00a0: 2. [&hellip;]<\/p>\n","protected":false},"author":1,"featured_media":0,"parent":0,"menu_order":0,"comment_status":"closed","ping_status":"closed","template":"","meta":{"footnotes":""},"class_list":["post-4732","page","type-page","status-publish","hentry"],"_links":{"self":[{"href":"https:\/\/www.arbaletriers.be\/wordpress\/wp-json\/wp\/v2\/pages\/4732"}],"collection":[{"href":"https:\/\/www.arbaletriers.be\/wordpress\/wp-json\/wp\/v2\/pages"}],"about":[{"href":"https:\/\/www.arbaletriers.be\/wordpress\/wp-json\/wp\/v2\/types\/page"}],"author":[{"embeddable":true,"href":"https:\/\/www.arbaletriers.be\/wordpress\/wp-json\/wp\/v2\/users\/1"}],"replies":[{"embeddable":true,"href":"https:\/\/www.arbaletriers.be\/wordpress\/wp-json\/wp\/v2\/comments?post=4732"}],"version-history":[{"count":1,"href":"https:\/\/www.arbaletriers.be\/wordpress\/wp-json\/wp\/v2\/pages\/4732\/revisions"}],"predecessor-version":[{"id":11924,"href":"https:\/\/www.arbaletriers.be\/wordpress\/wp-json\/wp\/v2\/pages\/4732\/revisions\/11924"}],"wp:attachment":[{"href":"https:\/\/www.arbaletriers.be\/wordpress\/wp-json\/wp\/v2\/media?parent=4732"}],"curies":[{"name":"wp","href":"https:\/\/api.w.org\/{rel}","templated":true}]}}