{"id":4741,"date":"2017-01-19T16:37:40","date_gmt":"2017-01-19T15:37:40","guid":{"rendered":"http:\/\/www.arbaletriers.be\/wordpress\/?page_id=4741"},"modified":"2017-01-19T16:39:20","modified_gmt":"2017-01-19T15:39:20","slug":"compagnie-tambours-4","status":"publish","type":"page","link":"https:\/\/www.arbaletriers.be\/wordpress\/compagnie-tambours-4\/","title":{"rendered":"Compagnie &#8211; Tambours &#8211; 4 &#8211; R\u00e9pertoire."},"content":{"rendered":"<div id=\"themify_builder_content-4741\" data-postid=\"4741\" class=\"themify_builder_content themify_builder_content-4741 themify_builder themify_builder_front\">\n\t\t\t\t\n\t\t\t<!-- module_row -->\n\t\t\t<div class=\"themify_builder_row module_row module_row_0 clearfix\" >\n\n\t\t\t\t<div class=\"row_inner\">\n\n\t\t\t\t\t\n\t\t\t\t\t\n\t\t\t\t\t\n\t\t\t\t\t\n\t\t\t\t\t\t\t\t<div class=\"col-full first tb-column\">\n\t\t\t\t\t\t\t\t\t\t\t\t\t\t\t\t\t\t\t\n\t\t\t\t\t\t\t\t\t\t\n<!-- module box -->\n<div id=\"box-4741-0-0-0\" class=\"module module-box box-4741-0-0-0 \">\n\t\t\n\t\t\n\t<div class=\"module-box-content ui rounded gradient default  \">\n\t\t<i><b>4. R\u00e9pertoire. <\/b><\/i>\t<\/div>\n\n\t<\/div>\n<!-- \/module box -->\n<!-- .themify_builder .box-4741-0-0-0 Style -->\n<style>\n.themify_builder .box-4741-0-0-0.module-box {\n\ttext-align: justify\n}\n<\/style>\n<!-- End .themify_builder .box-4741-0-0-0 Style -->\n\n\n<!-- module box -->\n<div id=\"box-4741-0-0-1\" class=\"module module-box box-4741-0-0-1 \">\n\t\t\n\t\t\n\t<div class=\"module-box-content ui rounded gradient default  \">\n\t\t<p><b>Le R\u00e9veil ou Diane<\/b>:<\/p><p>Il s&rsquo;agit du tout premier morceau qui inaugure chaque jour de f\u00eate. D\u00e8s quatre heures du matin, le corps des tambours quitte le local et entame \u00ab\u00a0Le R\u00e9veil\u00a0\u00bb jusqu&rsquo;\u00e0 la premi\u00e8re maison o\u00f9 ils sont attendus.<\/p>\t<\/div>\n\n\t<\/div>\n<!-- \/module box -->\n<!-- .themify_builder .box-4741-0-0-1 Style -->\n<style>\n.themify_builder .box-4741-0-0-1.module-box {\n\ttext-align: justify\n}\n<\/style>\n<!-- End .themify_builder .box-4741-0-0-1 Style -->\n\n\n<!-- module box -->\n<div id=\"box-4741-0-0-2\" class=\"module module-box box-4741-0-0-2 \">\n\t\t\n\t\t\n\t<div class=\"module-box-content ui rounded gradient default  \">\n\t\t<p><b>Souvr\u00e9<\/b>:<\/p>\n<p>R\u00e9guli\u00e8rement jou\u00e9 au moment o\u00f9 les tambours traversent le quartier du m\u00eame nom. C&rsquo;est g\u00e9n\u00e9ralement le premier morceau que les d\u00e9butants ma\u00eetrisent apr\u00e8s quelques r\u00e9p\u00e9titions. Un morceau enrichi de contretemps, o\u00f9 l&rsquo;on passe du mode \u00ab\u00a0forte\u00a0\u00bb au mode \u00ab\u00a0piano\u00a0\u00bb et inversement.<\/p>\n\t<\/div>\n\n\t<\/div>\n<!-- \/module box -->\n<!-- .themify_builder .box-4741-0-0-2 Style -->\n<style>\n.themify_builder .box-4741-0-0-2.module-box {\n\ttext-align: justify\n}\n<\/style>\n<!-- End .themify_builder .box-4741-0-0-2 Style -->\n\n\n<!-- module box -->\n<div id=\"box-4741-0-0-3\" class=\"module module-box box-4741-0-0-3 \">\n\t\t\n\t\t\n\t<div class=\"module-box-content ui rounded gradient default  \">\n\t\t<p><b>Les Huit<\/b>:<\/p><p>Ce morceau complexe comporte 16 phrases musicales ex\u00e9cut\u00e9es deux fois, chacune \u00e9tant de 8 mesures. Il est le plus long et le plus difficile aussi, celui sur lequel les jeunes ont du mal lors des r\u00e9p\u00e9titions.<\/p>\t<\/div>\n\n\t<\/div>\n<!-- \/module box -->\n<!-- .themify_builder .box-4741-0-0-3 Style -->\n<style>\n.themify_builder .box-4741-0-0-3.module-box {\n\ttext-align: justify\n}\n<\/style>\n<!-- End .themify_builder .box-4741-0-0-3 Style -->\n\n\n<!-- module box -->\n<div id=\"box-4741-0-0-4\" class=\"module module-box box-4741-0-0-4 \">\n\t\t\n\t\t\n\t<div class=\"module-box-content ui rounded gradient default  \">\n\t\t<p><b>G\u00e9n\u00e9ral<\/b>:<\/p><p>Jou\u00e9 en hommage au G\u00e9n\u00e9ral-Pr\u00e9sident, \u00e0 hauteur du quartier o\u00f9 il r\u00e9side. Contrairement \u00e0 Souvr\u00e9, on d\u00e9marre le morceau en mode \u00ab\u00a0piano\u00a0\u00bb pour passer ensuite en mode \u00ab\u00a0forte\u00a0\u00bb agr\u00e9ment\u00e9 d&rsquo;un roulement.<\/p>\t<\/div>\n\n\t<\/div>\n<!-- \/module box -->\n<!-- .themify_builder .box-4741-0-0-4 Style -->\n<style>\n.themify_builder .box-4741-0-0-4.module-box {\n\ttext-align: justify\n}\n<\/style>\n<!-- End .themify_builder .box-4741-0-0-4 Style -->\n\n\n<!-- module box -->\n<div id=\"box-4741-0-0-5\" class=\"module module-box box-4741-0-0-5 \">\n\t\t\n\t\t\n\t<div class=\"module-box-content ui rounded gradient default  \">\n\t\t<p><b>Les Quatre:<\/b><\/p><p>Compos\u00e9 de 4 morceaux distincts: le Pierre, le Napol\u00e9on, le G\u00e9rard, Vix Tchotcho. Morceau qui se distingue par un passage caract\u00e9ristique o\u00f9 les tambours battent sur leurs baguettes. (* voir ci dessous)<\/p><p>En Avril 2015, une cinqui\u00e8me partition s&rsquo;est ajout\u00e9e aux Quatre\u00a0: \u00ab\u00a0L&rsquo;Alexandre\u00a0\u00bb, oeuvre de notre tambour Laurent Corthals, compos\u00e9e en hommage \u00e0 son oncle Alexandre Vandevelde, chef tambour trop t\u00f4t disparu.<\/p>\t<\/div>\n\n\t<\/div>\n<!-- \/module box -->\n<!-- .themify_builder .box-4741-0-0-5 Style -->\n<style>\n.themify_builder .box-4741-0-0-5.module-box {\n\ttext-align: justify\n}\n<\/style>\n<!-- End .themify_builder .box-4741-0-0-5 Style -->\n\n\n<!-- module box -->\n<div id=\"box-4741-0-0-6\" class=\"module module-box box-4741-0-0-6 \">\n\t\t\n\t\t\n\t<div class=\"module-box-content ui rounded gradient default  \">\n\t\t<p><b>Premi\u00e8re assembl\u00e9e<\/b>:<\/p><p>Se joue au pas gliss\u00e9 (pas rituel). Elle est compos\u00e9e de quatre mesures ex\u00e9cut\u00e9es \u00ab\u00a0piano\u00a0\u00bb, suivies de quatre autres ex\u00e9cut\u00e9es \u00ab\u00a0forte\u00a0\u00bb. La premi\u00e8re assembl\u00e9e est jou\u00e9e \u00e0 partir de l&rsquo;h\u00f4tel de ville d\u00e8s 7 heures du matin. Elle symbolise l&rsquo;appel des membres afin, jadis, de d\u00e9fendre la \u00ab\u00a0bonne ville\u00a0\u00bb. Elle est jou\u00e9e de l&rsquo;h\u00f4tel de ville jusqu&rsquo;au local, en passant par la grand&rsquo; place, la rue du Coll\u00e8ge et la rue Haute. A hauteur du local, les tambours \u00ab\u00a0sautent\u00a0\u00bb sur les Huit pour se diriger vers le quartier de Souvr\u00e9, ce qui leur permet de repasser au pas cadenc\u00e9.<\/p>\t<\/div>\n\n\t<\/div>\n<!-- \/module box -->\n<!-- .themify_builder .box-4741-0-0-6 Style -->\n<style>\n.themify_builder .box-4741-0-0-6.module-box {\n\ttext-align: justify\n}\n<\/style>\n<!-- End .themify_builder .box-4741-0-0-6 Style -->\n\n\n<!-- module box -->\n<div id=\"box-4741-0-0-7\" class=\"module module-box box-4741-0-0-7 \">\n\t\t\n\t\t\n\t<div class=\"module-box-content ui rounded gradient default  \">\n\t\t<p><b>Deuxi\u00e8me assembl\u00e9e<\/b>:<\/p><p>Se joue \u00e9galement au pas gliss\u00e9. Elle est compos\u00e9e de deux mesures ex\u00e9cut\u00e9es \u00ab\u00a0piano\u00a0\u00bb, suivie de deux autres ex\u00e9cut\u00e9es \u00ab\u00a0forte\u00a0\u00bb. Elle est jou\u00e9e depuis le monument du Soldat inconnu (rue Basse) jusqu&rsquo;au local, apr\u00e8s le r\u00e9veil. Arriv\u00e9s \u00e0 hauteur du local des Arquebusiers, les tambours changent \u00e0 nouveau le pas en \u00ab\u00a0sautant\u00a0\u00bb sur les Quatre. Ce changement de pas \u00e0 une valeur symbolique: il signifie que la f\u00eate commence et que l&rsquo;on est d\u00e9sormais au pas auquel on va marcher toute la journ\u00e9e (except\u00e9 \u00e0 la coll\u00e9giale).<\/p>\t<\/div>\n\n\t<\/div>\n<!-- \/module box -->\n<!-- .themify_builder .box-4741-0-0-7 Style -->\n<style>\n.themify_builder .box-4741-0-0-7.module-box {\n\ttext-align: justify\n}\n<\/style>\n<!-- End .themify_builder .box-4741-0-0-7 Style -->\n\n\n<!-- module box -->\n<div id=\"box-4741-0-0-8\" class=\"module module-box box-4741-0-0-8 \">\n\t\t\n\t\t\n\t<div class=\"module-box-content ui rounded gradient default  \">\n\t\t<p><b>L&rsquo;entr\u00e9e \u00e0 l&rsquo;\u00e9glise<\/b>:<\/p><p>Introduction de 8 mesures jou\u00e9es au moment de l&rsquo;entr\u00e9e \u00e0 l&rsquo;\u00e9glise, en pr\u00e9lude \u00e0 l&rsquo;harmonie.<\/p>\t<\/div>\n\n\t<\/div>\n<!-- \/module box -->\n<!-- .themify_builder .box-4741-0-0-8 Style -->\n<style>\n.themify_builder .box-4741-0-0-8.module-box {\n\ttext-align: justify\n}\n<\/style>\n<!-- End .themify_builder .box-4741-0-0-8 Style -->\n\n\n<!-- module box -->\n<div id=\"box-4741-0-0-9\" class=\"module module-box box-4741-0-0-9 \">\n\t\t\n\t\t\n\t<div class=\"module-box-content ui rounded gradient default  \">\n\t\t<p><b>Premi\u00e8re \u00e9l\u00e9vation<\/b>:<\/p><p align=\"LEFT\">Au moment de la pr\u00e9sentation du corps du Christ \u00e0 l&rsquo;assembl\u00e9e des fid\u00e8les.<\/p>\t<\/div>\n\n\t<\/div>\n<!-- \/module box -->\n<!-- .themify_builder .box-4741-0-0-9 Style -->\n<style>\n.themify_builder .box-4741-0-0-9.module-box {\n\ttext-align: justify\n}\n<\/style>\n<!-- End .themify_builder .box-4741-0-0-9 Style -->\n\n\n<!-- module box -->\n<div id=\"box-4741-0-0-10\" class=\"module module-box box-4741-0-0-10 \">\n\t\t\n\t\t\n\t<div class=\"module-box-content ui rounded gradient default  \">\n\t\t<p><b>Deuxi\u00e8me \u00e9l\u00e9vation<\/b>:<\/p><p>Au moment de la pr\u00e9sentation du sang du Christ \u00e0 l&rsquo;assembl\u00e9e des fid\u00e8les. Ce sont quasi les m\u00eames roulements que pour la premi\u00e8re \u00e9l\u00e9vation. La variation est plus longue et le final diff\u00e9rent.<\/p>\t<\/div>\n\n\t<\/div>\n<!-- \/module box -->\n<!-- .themify_builder .box-4741-0-0-10 Style -->\n<style>\n.themify_builder .box-4741-0-0-10.module-box {\n\ttext-align: justify\n}\n<\/style>\n<!-- End .themify_builder .box-4741-0-0-10 Style -->\n\n\n<!-- module box -->\n<div id=\"box-4741-0-0-11\" class=\"module module-box box-4741-0-0-11 \">\n\t\t\n\t\t\n\t<div class=\"module-box-content ui rounded gradient default  \">\n\t\t<p><b>Les bancs<\/b>:<\/p><p>Au moment des prestations de serments et remises honorifiques, lors de la s\u00e9ance acad\u00e9mique.<\/p>\t<\/div>\n\n\t<\/div>\n<!-- \/module box -->\n<!-- .themify_builder .box-4741-0-0-11 Style -->\n<style>\n.themify_builder .box-4741-0-0-11.module-box {\n\ttext-align: justify\n}\n<\/style>\n<!-- End .themify_builder .box-4741-0-0-11 Style -->\n\n\n<!-- module box -->\n<div id=\"box-4741-0-0-12\" class=\"module module-box box-4741-0-0-12 \">\n\t\t\n\t\t\n\t<div class=\"module-box-content ui rounded gradient default  \">\n\t\t<p>Pas moins de sept marches sont ex\u00e9cut\u00e9es de concert avec l&rsquo;harmonie. Elles rythment chacune des sorties en ville:<\/p><ol><li><p>L&rsquo;arriv\u00e9e du r\u00e9giment, jou\u00e9e r\u00e9guli\u00e8rement apr\u00e8s la sortie de la messe, sauf lors de la f\u00eate d&rsquo;avril.<\/p><\/li><li><p>L&rsquo;\u00e9tendard f\u00e9d\u00e9ral.<\/p><\/li><li><p>La marche des cadets.<\/p><\/li><li><p>Li d&rsquo;jou d&rsquo;Saint Geor, jou\u00e9e en sortie de messe lors de la f\u00eate d&rsquo;avril, en raison de la circonstance (f\u00eate patronale).<\/p><\/li><li><p>La marche des Arbal\u00e9triers, tr\u00e8s appr\u00e9ci\u00e9e, jou\u00e9e syst\u00e9matiquement \u00e0 chaque fois que l&rsquo;on rentre au local. Elle provoque une tendance g\u00e9n\u00e9rale \u00e0 acc\u00e9l\u00e9rer le pas, en raison de sa vivacit\u00e9 et de son caract\u00e8re entra\u00eenant.<\/p><\/li><li><p>Retour de Hal.<\/p><\/li><li><p>Marche du 700<sup>\u00e8me<\/sup> anniversaire qui a brillamment int\u00e9gr\u00e9 notre r\u00e9pertoire multis\u00e9culaire.<\/p><\/li><\/ol>\t<\/div>\n\n\t<\/div>\n<!-- \/module box -->\n<!-- .themify_builder .box-4741-0-0-12 Style -->\n<style>\n.themify_builder .box-4741-0-0-12.module-box {\n\ttext-align: justify\n}\n<\/style>\n<!-- End .themify_builder .box-4741-0-0-12 Style -->\n\n\n<!-- module box -->\n<div id=\"box-4741-0-0-13\" class=\"module module-box box-4741-0-0-13 \">\n\t\t\n\t\t\n\t<div class=\"module-box-content ui rounded gradient default  \">\n\t\t<p>Au fil du cort\u00e8ge, et selon le programme pr\u00e9\u00e9tabli, le tambour-major l\u00e8ve la main et indique en s&rsquo;aidant des doigts le chiffre retenu. (de 1 \u00e0 7). Le major chef de musique en fait de m\u00eame pour signaler \u00e0 ses musiciens le morceau \u00e0 ex\u00e9cuter. Le num\u00e9ro 6 est indiqu\u00e9 au moyen du pouce gauche dirig\u00e9 vers la droite, le 7 correspond \u00e0 la canne avec pommeau lev\u00e9 vers le ciel.<\/p><p>Quand on marche dans le cort\u00e8ge, derri\u00e8re tambours et harmonie, bien peu ont conscience de la vari\u00e9t\u00e9 et de la complexit\u00e9 du r\u00e9pertoire musical et de la richesse culturelle qu&rsquo;il repr\u00e9sente.<\/p>\t<\/div>\n\n\t<\/div>\n<!-- \/module box -->\n<!-- .themify_builder .box-4741-0-0-13 Style -->\n<style>\n.themify_builder .box-4741-0-0-13.module-box {\n\ttext-align: justify\n}\n<\/style>\n<!-- End .themify_builder .box-4741-0-0-13 Style -->\n\n\t\t\t\t\t\t\t\t\t\n\t\t\t\t\t\t\t\t\t\t\t\t\t\t\t\t\t<\/div>\n\t\t\t\t\t\t\t\t<!-- \/col -->\n\t\t\t\t\t\t  \n\n\t\t\t\t\t\n\t\t\t\t\t\t\t\t\t\t\n\t\t\t\t\t\t\t\t\t\n\t\t\t\t<\/div>\n\t\t\t\t<!-- \/row_inner -->\n\t\t\t<\/div>\n\t\t\t<!-- \/module_row -->\n\t\t\t\n<\/div>\n<!-- \/themify_builder_content -->","protected":false},"excerpt":{"rendered":"<p>4. R\u00e9pertoire. Le R\u00e9veil ou Diane:Il s&rsquo;agit du tout premier morceau qui inaugure chaque jour de f\u00eate. D\u00e8s quatre heures du matin, le corps des tambours quitte le local et entame \u00ab\u00a0Le R\u00e9veil\u00a0\u00bb jusqu&rsquo;\u00e0 la premi\u00e8re maison o\u00f9 ils sont attendus. Souvr\u00e9: R\u00e9guli\u00e8rement jou\u00e9 au moment o\u00f9 les tambours traversent le quartier du m\u00eame nom. [&hellip;]<\/p>\n","protected":false},"author":1,"featured_media":0,"parent":0,"menu_order":0,"comment_status":"closed","ping_status":"closed","template":"","meta":{"footnotes":""},"class_list":["post-4741","page","type-page","status-publish","hentry"],"_links":{"self":[{"href":"https:\/\/www.arbaletriers.be\/wordpress\/wp-json\/wp\/v2\/pages\/4741"}],"collection":[{"href":"https:\/\/www.arbaletriers.be\/wordpress\/wp-json\/wp\/v2\/pages"}],"about":[{"href":"https:\/\/www.arbaletriers.be\/wordpress\/wp-json\/wp\/v2\/types\/page"}],"author":[{"embeddable":true,"href":"https:\/\/www.arbaletriers.be\/wordpress\/wp-json\/wp\/v2\/users\/1"}],"replies":[{"embeddable":true,"href":"https:\/\/www.arbaletriers.be\/wordpress\/wp-json\/wp\/v2\/comments?post=4741"}],"version-history":[{"count":0,"href":"https:\/\/www.arbaletriers.be\/wordpress\/wp-json\/wp\/v2\/pages\/4741\/revisions"}],"wp:attachment":[{"href":"https:\/\/www.arbaletriers.be\/wordpress\/wp-json\/wp\/v2\/media?parent=4741"}],"curies":[{"name":"wp","href":"https:\/\/api.w.org\/{rel}","templated":true}]}}