{"id":5977,"date":"2017-11-03T17:18:18","date_gmt":"2017-11-03T16:18:18","guid":{"rendered":"http:\/\/www.arbaletriers.be\/wordpress\/?page_id=5977"},"modified":"2017-11-08T17:13:02","modified_gmt":"2017-11-08T16:13:02","slug":"compagnie-moins-de-40-3-la-vie-de-la-section-de-1986-a-nos-jours","status":"publish","type":"page","link":"https:\/\/www.arbaletriers.be\/wordpress\/compagnie-moins-de-40-3-la-vie-de-la-section-de-1986-a-nos-jours\/","title":{"rendered":"Compagnie &#8211; Moins de 40 &#8211; 3. La vie de la Section de 1986 \u00e0 nos jours."},"content":{"rendered":"<div id=\"themify_builder_content-5977\" data-postid=\"5977\" class=\"themify_builder_content themify_builder_content-5977 themify_builder themify_builder_front\">\n\t\t\t\t\n\t\t\t<!-- module_row -->\n\t\t\t<div class=\"themify_builder_row module_row module_row_0 clearfix\" >\n\n\t\t\t\t<div class=\"row_inner\">\n\n\t\t\t\t\t\n\t\t\t\t\t\n\t\t\t\t\t\n\t\t\t\t\t\n\t\t\t\t\t\t\t\t<div class=\"col-full first tb-column\">\n\t\t\t\t\t\t\t\t\t\t\t\t\t\t\t\t\t\t\t\n\t\t\t\t\t\t\t\t\t\t\n<!-- module box -->\n<div id=\"box-5977-0-0-0\" class=\"module module-box box-5977-0-0-0 \">\n\t\t\n\t\t\n\t<div class=\"module-box-content ui rounded gradient default  \">\n\t\t<i><b>3. La vie de la Section de 1986 \u00e0 nos jours.<\/b><\/i>\t<\/div>\n\n\t<\/div>\n<!-- \/module box -->\n<!-- .themify_builder .box-5977-0-0-0 Style -->\n<style>\n.themify_builder .box-5977-0-0-0.module-box {\n\ttext-align: justify\n}\n<\/style>\n<!-- End .themify_builder .box-5977-0-0-0 Style -->\n\n\n<!-- module box -->\n<div id=\"box-5977-0-0-1\" class=\"module module-box box-5977-0-0-1 \">\n\t\t\n\t\t\n\t<div class=\"module-box-content ui rounded gradient default  \">\n\t\t<p>Hormis, le banquet des Dames, quelques membres s&rsquo;occupent \u00e9galement de <u>l&rsquo;Arbal\u00e9trier<\/u> qui para\u00eet chaque trimestre.<\/p>\n<p>Le p\u00e9riodique <u>L&rsquo;Arbal\u00e9trier<\/u> conna\u00eet des difficult\u00e9s \u00e0 la fin de l&rsquo;ann\u00e9e 1994 car l&rsquo;\u00e9diteur officiel a d\u00e9missionn\u00e9 de sa fonction. Le pr\u00e9sident des Moins de Quarante, Michel NIHON, souligne que sa section, qui ne compte plus que neuf membres, est un peu dans le creux de la vague. Un d\u00e9bat a lieu en Comit\u00e9 d&rsquo;o\u00f9 \u00e9mergent quelques principes:<\/p>\n<ul>\n<li>s&rsquo;en tenir \u00e0 deux parutions annuelles de qualit\u00e9 plut\u00f4t qu&rsquo;\u00e0 quatre trimestrielles;<\/li>\n<li>constituer une \u00e9quipe compos\u00e9e d&rsquo;un responsable par section;<\/li>\n<li>ne pas confondre censure et correction au sens large du terme.<\/li>\n<\/ul>\n<p>Finalement, il est d\u00e9cid\u00e9 d&rsquo;\u00e9diter cette revue semestriellement en raison du manque de collaboration et du prix de revient \u00e9lev\u00e9. Quelques mois plus tard, le colonel Pierre HALLEUX accepte de coordonner les articles des diverses sections et les Moins de Quarante ne sont plus charg\u00e9s d&rsquo;assurer sa parution.<\/p>\n\t<\/div>\n\n\t<\/div>\n<!-- \/module box -->\n<!-- .themify_builder .box-5977-0-0-1 Style -->\n<style>\n.themify_builder .box-5977-0-0-1.module-box {\n\ttext-align: justify\n}\n<\/style>\n<!-- End .themify_builder .box-5977-0-0-1 Style -->\n\n\n<!-- module box -->\n<div id=\"box-5977-0-0-2\" class=\"module module-box box-5977-0-0-2 \">\n\t\t\n\t\t\n\t<div class=\"module-box-content ui rounded gradient default  \">\n\t\t<p>Lorsque survient le terrible incendie d&rsquo;octobre 1997, toutes les sections sont concern\u00e9es par la reconstruction. Chacun y contribue, selon ses moyens et ses objectifs: c&rsquo;est ainsi que la Section de Tir d\u00e9gage la somme de 400.000 francs pour la construction d&rsquo;un local ind\u00e9pendant au-dessus du fond de cale, les Jeunes Bleus, 35.000 francs destin\u00e9s au Mus\u00e9e, les Moins de Quarante, 400.00 francs pour la r\u00e9fection de la grande salle. <\/p>\n<p>On en arrive rapidement \u00e0 la pr\u00e9paration des f\u00eates du 700\u00e8me anniversaire. Deux commissions sp\u00e9ciales sont mises sur pied: la commission Cort\u00e8ges, pr\u00e9sid\u00e9e par le major De Flines et la commission Festivit\u00e9s, pr\u00e9sid\u00e9e par le major Serge Douin.<br \/>\nPar ailleurs, chacun a pris conscience qu&rsquo;il faut rassembler des fonds; ainsi diverses initiatives voient le jour. Certains organisent une \u00ab\u00a0fricass\u00e9e\u00a0\u00bb juste avant les assembl\u00e9es g\u00e9n\u00e9rales pr\u00e9c\u00e9dant les deux f\u00eates annuelles. Les comit\u00e9s des Jeunes Bleus et les Moins de Quarante, en alternance, convient les membres \u00e0 un spaghetti organis\u00e9 au fond de cale apr\u00e8s le passage des cort\u00e8ges des gildes d&rsquo;arquebusiers. <\/p>\n<p>Les manifestations du 700\u00e8me anniversaire se r\u00e9partissent sur trois jours en avril. Elles se d\u00e9roulent sous un grand soleil. Le reine Paola inaugure, \u00e0 cette occasion, la statue de l&rsquo;arbal\u00e9trier \u00e0 cheval qui domine le rond-point de la coll\u00e9giale, \u00e0 l&rsquo;entr\u00e9e de la ville.<br \/>\nLors de la f\u00eate d&rsquo;ao\u00fbt, Vis\u00e9 est d\u00e9cr\u00e9t\u00e9e, capitale europ\u00e9enne de l&rsquo;arbal\u00e8te: pour la premi\u00e8re fois en Europe sont organis\u00e9s, en m\u00eame lieu, des comp\u00e9titions reprenant toutes les disciplines de tir \u00e0 l&rsquo;arbal\u00e8te ancienne encore pratiqu\u00e9es au 21\u00e8me si\u00e8cle.<\/p>\n\t<\/div>\n\n\t<\/div>\n<!-- \/module box -->\n<!-- .themify_builder .box-5977-0-0-2 Style -->\n<style>\n.themify_builder .box-5977-0-0-2.module-box {\n\ttext-align: justify\n}\n<\/style>\n<!-- End .themify_builder .box-5977-0-0-2 Style -->\n\n\n<!-- module box -->\n<div id=\"box-5977-0-0-3\" class=\"module module-box box-5977-0-0-3 \">\n\t\t\n\t\t\n\t<div class=\"module-box-content ui rounded gradient default  \">\n\t\t<p>Beaucoup des fondateurs de la section sont d\u00e9sormais aux commandes de la Compagnie: Francis Malmendier est colonel secr\u00e9taire, Jean-Pol Nihon, colonel charg\u00e9 des relations ext\u00e9rieures, Joseph Ronday Jr. est devenu Roy de la Compagnie d\u00e8s 1998, alors que Guy Bellem, commande, en qualit\u00e9 de capitaine, le nouveau peloton des Albastries qui ouvre d\u00e9sormais le cort\u00e8ge. Une nouvelle g\u00e9n\u00e9ration appara\u00eet: la section est successivement dirig\u00e9e par Emmanuel et Xavier Malmendier, puis par John Halleux et enfin par Yves De Flines.<\/p>\n<p>Elle reprend en 2014, la r\u00e9daction de l&rsquo;Arbal\u00e9trier dont Olivier Bastin demeure l&rsquo;\u00e9diteur responsable. Le nouveau g\u00e9n\u00e9ral-pr\u00e9sident Francis Malmendier s&rsquo;investit \u00e9norm\u00e9ment dans la transformation de cette publication qui passe \u00e0 la couleur lors du n\u00b0 125 en juin 2015. L&rsquo;arriv\u00e9e de nouveaux sponsors a permis cette \u00ab\u00a0r\u00e9volution\u00a0\u00bb, qui en fait d\u00e9sormais une revue de qualit\u00e9, imprim\u00e9e sur un papier glac\u00e9 tr\u00e8s attrayant. Le jeune major Fabrice Ernst, qui jouait en quelque sorte le r\u00f4le de secr\u00e9taire de r\u00e9daction, a beaucoup contribu\u00e9 \u00e0 ce renouveau.<br \/>\nLa communication est devenue un des axes essentiels de la politique arbal\u00e9tri\u00e8re. Dans cette optique, le nouveau g\u00e9n\u00e9ral-pr\u00e9sident souhaite la mise sur pied d&rsquo;un site internet attrayant et r\u00e9guli\u00e8rement actualis\u00e9. Il a confi\u00e9 cette t\u00e2che au jeune major, Bruno Niesten, membres du comit\u00e9 des Moins de Quarante. Celui-ci s&rsquo;acquitte de cette t\u00e2che d\u00e9licate avec un enthousiasme juv\u00e9nile. <\/p>\n\t<\/div>\n\n\t<\/div>\n<!-- \/module box -->\n<!-- .themify_builder .box-5977-0-0-3 Style -->\n<style>\n.themify_builder .box-5977-0-0-3.module-box {\n\ttext-align: justify\n}\n<\/style>\n<!-- End .themify_builder .box-5977-0-0-3 Style -->\n\n\n<!-- module box -->\n<div id=\"box-5977-0-0-4\" class=\"module module-box box-5977-0-0-4 \">\n\t\t\n\t\t\n\t<div class=\"module-box-content ui rounded gradient default  \">\n\t\t<p>Enfin, hormis le Banquet des Dames, qui remporte toujours le m\u00eame succ\u00e8s aupr\u00e8s des convives, la Section des Moins de Quarante a organis\u00e9, en juin 2015, deux soir\u00e9es cin\u00e9ma pr\u00e9sentant les films des f\u00eates jubilaires de 1985 et 2010. A cette occasion, les auteurs du livre \u00ab\u00a0Les Arbal\u00e9triers Vis\u00e9tois, Un si\u00e8cle d&rsquo;Histoire, 1910-2010\u00a0\u00bb, Claude Fluchard et Jean-Pol Nihon ont pu pr\u00e9senter et d\u00e9dicacer leur ouvrage. Ces soir\u00e9es ont rassembl\u00e9 pr\u00e8s de 300 passionn\u00e9s qui ont rendu un hommage \u00e9mu aux deux derniers g\u00e9n\u00e9raux-pr\u00e9sidents, Georges Claessens et Pierre Halleux.<\/p>\n\t<\/div>\n\n\t<\/div>\n<!-- \/module box -->\n<!-- .themify_builder .box-5977-0-0-4 Style -->\n<style>\n.themify_builder .box-5977-0-0-4.module-box {\n\ttext-align: justify\n}\n<\/style>\n<!-- End .themify_builder .box-5977-0-0-4 Style -->\n\n\t\t\t\t\t\t\t\t\t\n\t\t\t\t\t\t\t\t\t\t\t\t\t\t\t\t\t<\/div>\n\t\t\t\t\t\t\t\t<!-- \/col -->\n\t\t\t\t\t\t  \n\n\t\t\t\t\t\n\t\t\t\t\t\t\t\t\t\t\n\t\t\t\t\t\t\t\t\t\n\t\t\t\t<\/div>\n\t\t\t\t<!-- \/row_inner -->\n\t\t\t<\/div>\n\t\t\t<!-- \/module_row -->\n\t\t\t\n<\/div>\n<!-- \/themify_builder_content -->","protected":false},"excerpt":{"rendered":"<p>3. La vie de la Section de 1986 \u00e0 nos jours. Hormis, le banquet des Dames, quelques membres s&rsquo;occupent \u00e9galement de l&rsquo;Arbal\u00e9trier qui para\u00eet chaque trimestre. Le p\u00e9riodique L&rsquo;Arbal\u00e9trier conna\u00eet des difficult\u00e9s \u00e0 la fin de l&rsquo;ann\u00e9e 1994 car l&rsquo;\u00e9diteur officiel a d\u00e9missionn\u00e9 de sa fonction. Le pr\u00e9sident des Moins de Quarante, Michel NIHON, souligne [&hellip;]<\/p>\n","protected":false},"author":1,"featured_media":0,"parent":0,"menu_order":0,"comment_status":"closed","ping_status":"closed","template":"","meta":{"footnotes":""},"class_list":["post-5977","page","type-page","status-publish","hentry"],"_links":{"self":[{"href":"https:\/\/www.arbaletriers.be\/wordpress\/wp-json\/wp\/v2\/pages\/5977"}],"collection":[{"href":"https:\/\/www.arbaletriers.be\/wordpress\/wp-json\/wp\/v2\/pages"}],"about":[{"href":"https:\/\/www.arbaletriers.be\/wordpress\/wp-json\/wp\/v2\/types\/page"}],"author":[{"embeddable":true,"href":"https:\/\/www.arbaletriers.be\/wordpress\/wp-json\/wp\/v2\/users\/1"}],"replies":[{"embeddable":true,"href":"https:\/\/www.arbaletriers.be\/wordpress\/wp-json\/wp\/v2\/comments?post=5977"}],"version-history":[{"count":0,"href":"https:\/\/www.arbaletriers.be\/wordpress\/wp-json\/wp\/v2\/pages\/5977\/revisions"}],"wp:attachment":[{"href":"https:\/\/www.arbaletriers.be\/wordpress\/wp-json\/wp\/v2\/media?parent=5977"}],"curies":[{"name":"wp","href":"https:\/\/api.w.org\/{rel}","templated":true}]}}